CRAN Package Check Results for Package powerjoin

Last updated on 2022-06-27 12:53:38 CEST.

Flavor Version Tinstall Tcheck Ttotal Status Flags
r-devel-linux-x86_64-debian-clang 0.0.1 6.45 68.65 75.10 OK
r-devel-linux-x86_64-debian-gcc 0.0.1 5.19 51.33 56.52 OK
r-devel-linux-x86_64-fedora-clang 0.0.1 97.53 NOTE
r-devel-linux-x86_64-fedora-gcc 0.0.1 97.07 NOTE
r-devel-windows-x86_64 0.0.1 35.00 87.00 122.00 OK
r-patched-linux-x86_64 0.0.1 6.41 64.78 71.19 OK
r-release-linux-x86_64 0.0.1 6.62 63.47 70.09 OK
r-release-macos-arm64 0.0.1 27.00 NOTE
r-release-macos-x86_64 0.0.1 48.00 NOTE
r-release-windows-x86_64 0.0.1 33.00 91.00 124.00 OK
r-oldrel-macos-arm64 0.0.1 25.00 NOTE
r-oldrel-macos-x86_64 0.0.1 36.00 NOTE
r-oldrel-windows-ix86+x86_64 0.0.1 15.00 90.00 105.00 OK

Check Details

Version: 0.0.1
Check: dependencies in R code
Result: NOTE
    Namespaces in Imports field not imported from:
     ‘generics’ ‘lifecycle’ ‘magrittr’
     All declared Imports should be used.
Flavors: r-devel-linux-x86_64-fedora-clang, r-devel-linux-x86_64-fedora-gcc, r-release-macos-arm64, r-release-macos-x86_64, r-oldrel-macos-arm64, r-oldrel-macos-x86_64