Last updated on 2024-03-28 23:55:15 CET.
Flavor | Version | Tinstall | Tcheck | Ttotal | Status | Flags |
---|---|---|---|---|---|---|
r-devel-linux-x86_64-debian-clang | 0.2.3 | 10.37 | 541.87 | 552.24 | OK | |
r-devel-linux-x86_64-debian-gcc | 0.2.3 | 6.54 | 398.64 | 405.18 | OK | |
r-devel-linux-x86_64-fedora-clang | 0.2.3 | 621.91 | NOTE | |||
r-devel-linux-x86_64-fedora-gcc | 0.2.3 | 640.67 | OK | |||
r-devel-windows-x86_64 | 0.2.3 | 9.00 | 440.00 | 449.00 | NOTE | |
r-patched-linux-x86_64 | 0.2.3 | 6.11 | 534.01 | 540.12 | OK | |
r-release-linux-x86_64 | 0.2.3 | 5.62 | 535.74 | 541.36 | OK | |
r-release-macos-arm64 | 0.2.3 | 183.00 | NOTE | |||
r-release-macos-x86_64 | 0.2.3 | 392.00 | NOTE | |||
r-release-windows-x86_64 | 0.2.3 | 12.00 | 539.00 | 551.00 | NOTE | |
r-oldrel-macos-arm64 | 0.2.3 | 165.00 | NOTE | |||
r-oldrel-windows-x86_64 | 0.2.3 | 11.00 | 545.00 | 556.00 | NOTE |
Version: 0.2.3
Check: installed package size
Result: NOTE
installed size is 11.0Mb
sub-directories of 1Mb or more:
doc 10.5Mb
Flavors: r-devel-linux-x86_64-fedora-clang, r-devel-windows-x86_64, r-release-macos-arm64, r-release-macos-x86_64, r-release-windows-x86_64, r-oldrel-macos-arm64, r-oldrel-windows-x86_64