CRAN Package Check Results for Package ppsr

Last updated on 2023-05-28 22:00:19 CEST.

Flavor Version Tinstall Tcheck Ttotal Status Flags
r-devel-linux-x86_64-debian-clang 0.0.2 1.78 37.03 38.81 NOTE
r-devel-linux-x86_64-debian-gcc 0.0.2 2.27 28.59 30.86 NOTE
r-devel-linux-x86_64-fedora-clang 0.0.2 49.22 NOTE
r-devel-linux-x86_64-fedora-gcc 0.0.2 46.53 NOTE
r-devel-windows-x86_64 0.0.2 5.00 50.00 55.00 NOTE
r-patched-linux-x86_64 0.0.2 2.47 35.27 37.74 NOTE
r-release-linux-x86_64 0.0.2 1.77 35.49 37.26 NOTE
r-release-macos-arm64 0.0.2 26.00 NOTE
r-release-macos-x86_64 0.0.2 35.00 NOTE
r-release-windows-x86_64 0.0.2 5.00 54.00 59.00 NOTE
r-oldrel-macos-arm64 0.0.2 21.00 NOTE
r-oldrel-macos-x86_64 0.0.2 42.00 NOTE
r-oldrel-windows-x86_64 0.0.2 4.00 53.00 57.00 NOTE

Check Details

Version: 0.0.2
Check: LazyData
Result: NOTE
     'LazyData' is specified without a 'data' directory
Flavors: r-devel-linux-x86_64-debian-clang, r-devel-linux-x86_64-debian-gcc, r-devel-linux-x86_64-fedora-clang, r-devel-linux-x86_64-fedora-gcc, r-devel-windows-x86_64, r-patched-linux-x86_64, r-release-linux-x86_64, r-release-macos-arm64, r-release-macos-x86_64, r-release-windows-x86_64, r-oldrel-macos-arm64, r-oldrel-macos-x86_64, r-oldrel-windows-x86_64

Version: 0.0.2
Check: dependencies in R code
Result: NOTE
    Namespaces in Imports field not imported from:
     ‘rpart’ ‘withr’
     All declared Imports should be used.
Flavors: r-devel-linux-x86_64-fedora-clang, r-devel-linux-x86_64-fedora-gcc, r-oldrel-macos-arm64, r-oldrel-macos-x86_64