Last updated on 2024-04-19 08:54:51 CEST.
Flavor | Version | Tinstall | Tcheck | Ttotal | Status | Flags |
---|---|---|---|---|---|---|
r-devel-linux-x86_64-debian-clang | 1.3 | 22.77 | 31.04 | 53.81 | OK | |
r-devel-linux-x86_64-debian-gcc | 1.3 | OK | ||||
r-devel-linux-x86_64-fedora-clang | 1.3 | 77.47 | NOTE | |||
r-devel-linux-x86_64-fedora-gcc | 1.3 | 75.07 | NOTE | |||
r-prerel-macos-arm64 | 1.3 | 24.00 | OK | |||
r-prerel-windows-x86_64 | 1.3 | 19.00 | 62.00 | 81.00 | OK | |
r-patched-linux-x86_64 | 1.3 | 25.17 | 29.76 | 54.93 | OK | |
r-release-linux-x86_64 | 1.3 | 26.32 | 30.53 | 56.85 | OK | |
r-release-macos-arm64 | 1.3 | 25.00 | OK | |||
r-release-macos-x86_64 | 1.3 | 39.00 | OK | |||
r-release-windows-x86_64 | 1.3 | 23.00 | 69.00 | 92.00 | OK | |
r-oldrel-macos-arm64 | 1.3 | 24.00 | OK | |||
r-oldrel-windows-x86_64 | 1.3 | 23.00 | 70.00 | 93.00 | OK |
Version: 1.3
Check: compiled code
Result: NOTE
File ‘prclust/libs/prclust.so’:
Found no calls to: ‘R_registerRoutines’, ‘R_useDynamicSymbols’
It is good practice to register native routines and to disable symbol
search.
See ‘Writing portable packages’ in the ‘Writing R Extensions’ manual.
Flavors: r-devel-linux-x86_64-fedora-clang, r-devel-linux-x86_64-fedora-gcc