Last updated on 2023-06-09 16:57:03 CEST.
Flavor | Version | Tinstall | Tcheck | Ttotal | Status | Flags |
---|---|---|---|---|---|---|
r-devel-linux-x86_64-debian-clang | 0.2.1 | 5.55 | 61.33 | 66.88 | OK | |
r-devel-linux-x86_64-debian-gcc | 0.2.1 | 4.40 | 46.39 | 50.79 | OK | |
r-devel-linux-x86_64-fedora-clang | 0.2.1 | 83.41 | NOTE | |||
r-devel-linux-x86_64-fedora-gcc | 0.2.1 | 89.89 | NOTE | |||
r-devel-windows-x86_64 | 0.2.1 | 8.00 | 66.00 | 74.00 | OK | |
r-patched-linux-x86_64 | 0.2.1 | 5.62 | 55.96 | 61.58 | OK | |
r-release-linux-x86_64 | 0.2.1 | 4.12 | 56.20 | 60.32 | OK | |
r-release-macos-arm64 | 0.2.1 | 35.00 | OK | |||
r-release-macos-x86_64 | 0.2.1 | 47.00 | OK | |||
r-release-windows-x86_64 | 0.2.1 | 7.00 | 72.00 | 79.00 | OK | |
r-oldrel-macos-arm64 | 0.2.1 | 29.00 | NOTE | |||
r-oldrel-macos-x86_64 | 0.2.1 | 51.00 | NOTE | |||
r-oldrel-windows-x86_64 | 0.2.1 | 9.00 | 76.00 | 85.00 | OK |
Version: 0.2.1
Check: dependencies in R code
Result: NOTE
Namespaces in Imports field not imported from:
‘class’ ‘forcats’ ‘irr’ ‘lpSolve’ ‘purrr’
All declared Imports should be used.
Flavors: r-devel-linux-x86_64-fedora-clang, r-devel-linux-x86_64-fedora-gcc, r-oldrel-macos-arm64, r-oldrel-macos-x86_64