Last updated on 2024-03-27 23:59:53 CET.
Flavor | Version | Tinstall | Tcheck | Ttotal | Status | Flags |
---|---|---|---|---|---|---|
r-devel-linux-x86_64-debian-clang | 1.1.0 | 28.97 | 173.94 | 202.91 | OK | |
r-devel-linux-x86_64-debian-gcc | 1.1.0 | 21.31 | 130.03 | 151.34 | OK | |
r-devel-linux-x86_64-fedora-clang | 1.1.0 | 279.14 | NOTE | |||
r-devel-linux-x86_64-fedora-gcc | 1.1.0 | 257.92 | OK | |||
r-devel-windows-x86_64 | 1.1.0 | 23.00 | 136.00 | 159.00 | OK | |
r-patched-linux-x86_64 | 1.1.0 | 26.66 | 169.13 | 195.79 | OK | |
r-release-linux-x86_64 | 1.1.0 | 25.20 | 168.50 | 193.70 | OK | |
r-release-macos-arm64 | 1.1.0 | 72.00 | OK | |||
r-release-macos-x86_64 | 1.1.0 | 169.00 | OK | |||
r-release-windows-x86_64 | 1.1.0 | 31.00 | 163.00 | 194.00 | OK | |
r-oldrel-macos-arm64 | 1.1.0 | 71.00 | OK | |||
r-oldrel-windows-x86_64 | 1.1.0 | 32.00 | 180.00 | 212.00 | OK |
Version: 1.1.0
Check: Rd cross-references
Result: NOTE
Undeclared package ‘TMB’ in Rd xrefs
Flavor: r-devel-linux-x86_64-fedora-clang