CRAN Package Check Results for Package predictoR

Last updated on 2021-09-26 00:48:50 CEST.

Flavor Version Tinstall Tcheck Ttotal Status Flags
r-devel-linux-x86_64-debian-clang 2.0.4 25.16 185.00 210.16 OK
r-devel-linux-x86_64-debian-gcc 2.0.4 19.71 137.84 157.55 OK
r-devel-linux-x86_64-fedora-clang 2.0.4 259.18 OK
r-devel-linux-x86_64-fedora-gcc 2.0.4 247.78 OK
r-devel-windows-x86_64 2.0.4 32.00 152.00 184.00 OK
r-devel-windows-x86_64-gcc10-UCRT 2.0.4 OK
r-patched-linux-x86_64 2.0.4 26.14 175.87 202.01 OK
r-patched-solaris-x86 2.0.4 340.80 OK
r-release-linux-x86_64 2.0.4 24.88 175.67 200.55 OK
r-release-macos-arm64 2.0.4 OK
r-release-macos-x86_64 2.0.4 OK
r-release-windows-ix86+x86_64 2.0.4 59.00 158.00 217.00 OK
r-oldrel-macos-x86_64 1.1.9 NOTE
r-oldrel-windows-ix86+x86_64 1.1.9 8.00 33.00 41.00 OK

Check Details

Version: 1.1.9
Check: dependencies in R code
Result: NOTE
    Namespaces in Imports field not imported from:
     ‘DT’ ‘ROCR’ ‘adabag’ ‘colourpicker’ ‘e1071’ ‘flexdashboard’ ‘glmnet’
     ‘kknn’ ‘neuralnet’ ‘plyr’ ‘randomForest’ ‘rattle’ ‘rpart’ ‘shinyAce’
     ‘shinyWidgets’ ‘shinydashboardPlus’ ‘shinyjs’ ‘tidyverse’ ‘xgboost’
     All declared Imports should be used.
Flavor: r-oldrel-macos-x86_64