Last updated on 2024-04-25 16:49:29 CEST.
Flavor | Version | Tinstall | Tcheck | Ttotal | Status | Flags |
---|---|---|---|---|---|---|
r-devel-linux-x86_64-debian-clang | 0.1-11 | 38.87 | 280.14 | 319.01 | OK | |
r-devel-linux-x86_64-debian-gcc | 0.1-11 | 25.60 | 192.37 | 217.97 | OK | |
r-devel-linux-x86_64-fedora-clang | 0.1-11 | 368.71 | NOTE | |||
r-devel-linux-x86_64-fedora-gcc | 0.1-11 | 349.52 | OK | |||
r-devel-windows-x86_64 | 0.1-11 | 26.00 | 167.00 | 193.00 | OK | |
r-patched-linux-x86_64 | 0.1-11 | 34.12 | 259.81 | 293.93 | OK | |
r-release-linux-x86_64 | 0.1-11 | 30.15 | 256.02 | 286.17 | OK | |
r-release-macos-arm64 | 0.1-11 | 87.00 | NOTE | |||
r-release-windows-x86_64 | 0.1-11 | 26.00 | 168.00 | 194.00 | OK | |
r-oldrel-macos-arm64 | 0.1-11 | 88.00 | OK | |||
r-oldrel-macos-x86_64 | 0.1-11 | 284.00 | NOTE | |||
r-oldrel-windows-x86_64 | 0.1-11 | 38.00 | 213.00 | 251.00 | OK |
Version: 0.1-11
Check: installed package size
Result: NOTE
installed size is 5.0Mb
sub-directories of 1Mb or more:
R 3.6Mb
Flavors: r-devel-linux-x86_64-fedora-clang, r-release-macos-arm64, r-oldrel-macos-x86_64
Version: 0.1-11
Check: Rd cross-references
Result: NOTE
Undeclared package ‘raster’ in Rd xrefs
Flavor: r-devel-linux-x86_64-fedora-clang