Last updated on 2023-06-02 18:52:52 CEST.
Flavor | Version | Tinstall | Tcheck | Ttotal | Status | Flags |
---|---|---|---|---|---|---|
r-devel-linux-x86_64-debian-clang | 0.1-8 | 39.66 | 253.19 | 292.85 | OK | |
r-devel-linux-x86_64-debian-gcc | 0.1-8 | 30.60 | 192.97 | 223.57 | OK | |
r-devel-linux-x86_64-fedora-clang | 0.1-8 | 357.30 | NOTE | |||
r-devel-linux-x86_64-fedora-gcc | 0.1-8 | 342.87 | OK | |||
r-devel-windows-x86_64 | 0.1-8 | 28.00 | 166.00 | 194.00 | OK | |
r-patched-linux-x86_64 | 0.1-8 | OK | ||||
r-release-linux-x86_64 | 0.1-8 | 35.49 | 245.39 | 280.88 | OK | |
r-release-macos-arm64 | 0.1-8 | 80.00 | OK | |||
r-release-macos-x86_64 | 0.1-8 | 187.00 | NOTE | |||
r-release-windows-x86_64 | 0.1-8 | 39.00 | 227.00 | 266.00 | OK | |
r-oldrel-macos-arm64 | 0.1-8 | 77.00 | OK | |||
r-oldrel-macos-x86_64 | 0.1-8 | 109.00 | OK | |||
r-oldrel-windows-x86_64 | 0.1-8 | 39.00 | 217.00 | 256.00 | OK |
Version: 0.1-8
Check: Rd cross-references
Result: NOTE
Undeclared package ‘raster’ in Rd xrefs
Flavor: r-devel-linux-x86_64-fedora-clang
Version: 0.1-8
Check: installed package size
Result: NOTE
installed size is 5.4Mb
sub-directories of 1Mb or more:
R 4.0Mb
Flavor: r-release-macos-x86_64