Last updated on 2023-12-04 00:52:51 CET.
Flavor | Version | Tinstall | Tcheck | Ttotal | Status | Flags |
---|---|---|---|---|---|---|
r-devel-linux-x86_64-debian-clang | 0.1-11 | 26.66 | 260.07 | 286.73 | OK | |
r-devel-linux-x86_64-debian-gcc | 0.1-11 | 28.62 | 195.18 | 223.80 | OK | |
r-devel-linux-x86_64-fedora-clang | 0.1-11 | 367.03 | NOTE | |||
r-devel-linux-x86_64-fedora-gcc | 0.1-11 | 356.73 | OK | |||
r-devel-windows-x86_64 | 0.1-11 | 28.00 | 171.00 | 199.00 | OK | |
r-patched-linux-x86_64 | 0.1-11 | 32.77 | 249.03 | 281.80 | OK | |
r-release-linux-x86_64 | 0.1-11 | 30.97 | 245.27 | 276.24 | OK | |
r-release-macos-arm64 | 0.1-11 | 88.00 | OK | |||
r-release-macos-x86_64 | 0.1-11 | 284.00 | NOTE | |||
r-release-windows-x86_64 | 0.1-11 | 37.00 | 224.00 | 261.00 | OK | |
r-oldrel-macos-arm64 | 0.1-11 | 87.00 | NOTE | |||
r-oldrel-macos-x86_64 | 0.1-11 | 121.00 | OK | |||
r-oldrel-windows-x86_64 | 0.1-11 | 39.00 | 222.00 | 261.00 | OK |
Version: 0.1-11
Check: Rd cross-references
Result: NOTE
Undeclared package ‘raster’ in Rd xrefs
Flavor: r-devel-linux-x86_64-fedora-clang
Version: 0.1-11
Check: installed package size
Result: NOTE
installed size is 5.4Mb
sub-directories of 1Mb or more:
R 4.0Mb
Flavors: r-release-macos-x86_64, r-oldrel-macos-arm64