Last updated on 2024-04-24 16:54:40 CEST.
Flavor | Version | Tinstall | Tcheck | Ttotal | Status | Flags |
---|---|---|---|---|---|---|
r-devel-linux-x86_64-debian-clang | 0.0.1 | 9.07 | 46.75 | 55.82 | OK | |
r-devel-linux-x86_64-debian-gcc | 0.0.1 | 8.38 | 35.98 | 44.36 | OK | |
r-devel-linux-x86_64-fedora-clang | 0.0.1 | 69.56 | OK | |||
r-devel-linux-x86_64-fedora-gcc | 0.0.1 | 67.10 | OK | |||
r-devel-windows-x86_64 | 0.0.1 | 9.00 | 60.00 | 69.00 | OK | |
r-patched-linux-x86_64 | 0.0.1 | 8.48 | 43.67 | 52.15 | OK | |
r-release-linux-x86_64 | 0.0.1 | 8.98 | 44.33 | 53.31 | OK | |
r-release-macos-arm64 | 0.0.1 | 31.00 | OK | |||
r-release-windows-x86_64 | 0.0.1 | 9.00 | 61.00 | 70.00 | OK | |
r-oldrel-macos-arm64 | 0.0.1 | 29.00 | OK | |||
r-oldrel-macos-x86_64 | 0.0.1 | 47.00 | NOTE | |||
r-oldrel-windows-x86_64 | 0.0.1 | 14.00 | 64.00 | 78.00 | OK |
Version: 0.0.1
Check: installed package size
Result: NOTE
installed size is 5.0Mb
sub-directories of 1Mb or more:
data 4.9Mb
Flavor: r-oldrel-macos-x86_64