Last updated on 2024-04-26 08:55:08 CEST.
Flavor | Version | Tinstall | Tcheck | Ttotal | Status | Flags |
---|---|---|---|---|---|---|
r-devel-linux-x86_64-debian-clang | 0.1.0 | 4.28 | 27.11 | 31.39 | OK | |
r-devel-linux-x86_64-debian-gcc | 0.1.0 | 3.46 | 20.67 | 24.13 | OK | |
r-devel-linux-x86_64-fedora-clang | 0.1.0 | 38.77 | NOTE | |||
r-devel-linux-x86_64-fedora-gcc | 0.1.0 | 37.41 | NOTE | |||
r-devel-windows-x86_64 | 0.1.0 | 5.00 | 45.00 | 50.00 | OK | |
r-patched-linux-x86_64 | 0.1.0 | 4.12 | 25.82 | 29.94 | OK | |
r-release-linux-x86_64 | 0.1.0 | 3.51 | 25.71 | 29.22 | OK | |
r-release-macos-arm64 | 0.1.0 | 19.00 | OK | |||
r-release-windows-x86_64 | 0.1.0 | 5.00 | 44.00 | 49.00 | OK | |
r-oldrel-macos-arm64 | 0.1.0 | 18.00 | OK | |||
r-oldrel-macos-x86_64 | 0.1.0 | 26.00 | OK | |||
r-oldrel-windows-x86_64 | 0.1.0 | 8.00 | 45.00 | 53.00 | OK |
Version: 0.1.0
Check: data for non-ASCII characters
Result: NOTE
Note: found 42966 marked UTF-8 strings
Flavors: r-devel-linux-x86_64-fedora-clang, r-devel-linux-x86_64-fedora-gcc