Last updated on 2023-06-09 10:04:21 CEST.
Flavor | Version | Tinstall | Tcheck | Ttotal | Status | Flags |
---|---|---|---|---|---|---|
r-devel-linux-x86_64-debian-clang | 0.12.0 | 4.84 | 82.52 | 87.36 | NOTE | |
r-devel-linux-x86_64-debian-gcc | 0.12.0 | 4.15 | 61.54 | 65.69 | NOTE | |
r-devel-linux-x86_64-fedora-clang | 0.12.0 | 108.09 | NOTE | |||
r-devel-linux-x86_64-fedora-gcc | 0.12.0 | 117.09 | NOTE | |||
r-devel-windows-x86_64 | 0.12.0 | 7.00 | 88.00 | 95.00 | NOTE | |
r-patched-linux-x86_64 | 0.12.0 | 4.71 | 80.05 | 84.76 | NOTE | |
r-release-linux-x86_64 | 0.12.0 | 5.59 | 78.50 | 84.09 | NOTE | |
r-release-macos-arm64 | 0.12.0 | 44.00 | NOTE | |||
r-release-macos-x86_64 | 0.12.0 | 70.00 | NOTE | |||
r-release-windows-x86_64 | 0.12.0 | 7.00 | 94.00 | 101.00 | NOTE | |
r-oldrel-macos-arm64 | 0.12.0 | 38.00 | NOTE | |||
r-oldrel-macos-x86_64 | 0.12.0 | 68.00 | NOTE | |||
r-oldrel-windows-x86_64 | 0.12.0 | 8.00 | 94.00 | 102.00 | NOTE |
Version: 0.12.0
Check: LazyData
Result: NOTE
'LazyData' is specified without a 'data' directory
Flavors: r-devel-linux-x86_64-debian-clang, r-devel-linux-x86_64-debian-gcc, r-devel-linux-x86_64-fedora-clang, r-devel-linux-x86_64-fedora-gcc, r-devel-windows-x86_64, r-patched-linux-x86_64, r-release-linux-x86_64, r-release-macos-arm64, r-release-macos-x86_64, r-release-windows-x86_64, r-oldrel-macos-arm64, r-oldrel-macos-x86_64, r-oldrel-windows-x86_64