CRAN Package Check Results for Package primefactr

Last updated on 2023-02-04 01:54:30 CET.

Flavor Version Tinstall Tcheck Ttotal Status Flags
r-devel-linux-x86_64-debian-clang 0.1.1 1.33 31.40 32.73 NOTE
r-devel-linux-x86_64-debian-gcc 0.1.1 1.47 24.03 25.50 NOTE
r-devel-linux-x86_64-fedora-clang 0.1.1 41.14 NOTE
r-devel-linux-x86_64-fedora-gcc 0.1.1 39.73 NOTE
r-devel-windows-x86_64 0.1.1 21.00 59.00 80.00 NOTE
r-patched-linux-x86_64 0.1.1 1.59 30.38 31.97 NOTE
r-release-linux-x86_64 0.1.1 1.87 30.71 32.58 NOTE
r-release-macos-arm64 0.1.1 16.00 NOTE
r-release-macos-x86_64 0.1.1 23.00 NOTE
r-release-windows-x86_64 0.1.1 16.00 64.00 80.00 NOTE
r-oldrel-macos-arm64 0.1.1 18.00 NOTE
r-oldrel-macos-x86_64 0.1.1 32.00 NOTE
r-oldrel-windows-ix86+x86_64 0.1.1 5.00 59.00 64.00 NOTE

Check Details

Version: 0.1.1
Check: LazyData
Result: NOTE
     'LazyData' is specified without a 'data' directory
Flavors: r-devel-linux-x86_64-debian-clang, r-devel-linux-x86_64-debian-gcc, r-devel-linux-x86_64-fedora-clang, r-devel-linux-x86_64-fedora-gcc, r-devel-windows-x86_64, r-patched-linux-x86_64, r-release-linux-x86_64, r-release-macos-arm64, r-release-macos-x86_64, r-release-windows-x86_64, r-oldrel-macos-arm64, r-oldrel-macos-x86_64, r-oldrel-windows-ix86+x86_64