CRAN Package Check Results for Package primer

Last updated on 2023-06-02 18:52:52 CEST.

Flavor Version Tinstall Tcheck Ttotal Status Flags
r-devel-linux-x86_64-debian-clang 1.2.0 7.79 68.47 76.26 OK
r-devel-linux-x86_64-debian-gcc 1.2.0 5.53 52.30 57.83 OK
r-devel-linux-x86_64-fedora-clang 1.2.0 95.49 NOTE
r-devel-linux-x86_64-fedora-gcc 1.2.0 89.28 NOTE
r-devel-windows-x86_64 1.2.0 8.00 80.00 88.00 OK
r-patched-linux-x86_64 1.2.0 OK
r-release-linux-x86_64 1.2.0 4.88 64.43 69.31 OK
r-release-macos-arm64 1.2.0 30.00 OK
r-release-macos-x86_64 1.2.0 48.00 NOTE
r-release-windows-x86_64 1.2.0 10.00 92.00 102.00 OK
r-oldrel-macos-arm64 1.2.0 33.00 NOTE
r-oldrel-macos-x86_64 1.2.0 54.00 NOTE
r-oldrel-windows-x86_64 1.2.0 10.00 87.00 97.00 OK

Check Details

Version: 1.2.0
Check: dependencies in R code
Result: NOTE
    Namespaces in Imports field not imported from:
     ‘tidyr’ ‘utils’
     All declared Imports should be used.
Flavors: r-devel-linux-x86_64-fedora-clang, r-devel-linux-x86_64-fedora-gcc, r-oldrel-macos-arm64, r-oldrel-macos-x86_64

Version: 1.2.0
Check: package dependencies
Result: NOTE
    Package suggested but not available for checking: ‘bipartite’
Flavor: r-release-macos-x86_64