CRAN Package Check Results for Package prioritylasso

Last updated on 2021-10-27 13:08:08 CEST.

Flavor Version Tinstall Tcheck Ttotal Status Flags
r-devel-linux-x86_64-debian-clang 0.2.5 7.37 203.36 210.73 OK
r-devel-linux-x86_64-debian-gcc 0.2.5 7.74 151.80 159.54 OK
r-devel-linux-x86_64-fedora-clang 0.2.5 254.56 NOTE
r-devel-linux-x86_64-fedora-gcc 0.2.5 248.34 OK
r-devel-windows-x86_64 0.2.5 15.00 179.00 194.00 OK
r-devel-windows-x86_64-gcc10-UCRT 0.2.5 OK
r-patched-linux-x86_64 0.2.5 9.03 195.29 204.32 OK
r-patched-solaris-x86 0.2.5 344.20 OK
r-release-linux-x86_64 0.2.5 9.55 194.90 204.45 OK
r-release-macos-arm64 0.2.5 OK
r-release-macos-x86_64 0.2.5 OK
r-release-windows-ix86+x86_64 0.2.5 14.00 242.00 256.00 OK
r-oldrel-macos-x86_64 0.2.5 OK
r-oldrel-windows-ix86+x86_64 0.2.5 19.00 249.00 268.00 OK

Check Details

Version: 0.2.5
Check: Rd cross-references
Result: NOTE
    Undeclared packages ‘ipflasso’, ‘mvtnorm’ in Rd xrefs
Flavor: r-devel-linux-x86_64-fedora-clang