Last updated on 2024-03-28 15:49:57 CET.
Flavor | Version | Tinstall | Tcheck | Ttotal | Status | Flags |
---|---|---|---|---|---|---|
r-devel-linux-x86_64-debian-clang | 1.1.1 | 2.53 | 34.67 | 37.20 | NOTE | |
r-devel-linux-x86_64-debian-gcc | 1.1.1 | 2.30 | 26.95 | 29.25 | NOTE | |
r-devel-linux-x86_64-fedora-clang | 1.1.1 | 46.79 | NOTE | |||
r-devel-linux-x86_64-fedora-gcc | 1.1.1 | 44.62 | NOTE | |||
r-devel-windows-x86_64 | 1.1.1 | 5.00 | 56.00 | 61.00 | NOTE | |
r-patched-linux-x86_64 | 1.1.1 | 2.92 | 33.71 | 36.63 | NOTE | |
r-release-linux-x86_64 | 1.1.1 | 2.96 | 33.44 | 36.40 | OK | |
r-release-macos-arm64 | 1.1.1 | 19.00 | OK | |||
r-release-macos-x86_64 | 1.1.1 | 25.00 | OK | |||
r-release-windows-x86_64 | 1.1.1 | 4.00 | 60.00 | 64.00 | OK | |
r-oldrel-macos-arm64 | 1.1.1 | 20.00 | OK | |||
r-oldrel-windows-x86_64 | 1.1.1 | 6.00 | 50.00 | 56.00 | OK |
Version: 1.1.1
Check: Rd files
Result: NOTE
checkRd: (-1) clr_darken.Rd:50: Lost braces; missing escapes or markup?
50 | information regarding use of color spaces, please refer to the {colorspace}
| ^
checkRd: (-1) clr_lighten.Rd:50: Lost braces; missing escapes or markup?
50 | information regarding use of color spaces, please refer to the {colorspace}
| ^
Flavors: r-devel-linux-x86_64-debian-clang, r-devel-linux-x86_64-debian-gcc, r-devel-linux-x86_64-fedora-clang, r-devel-linux-x86_64-fedora-gcc, r-devel-windows-x86_64, r-patched-linux-x86_64