CRAN Package Check Results for Package processR

Last updated on 2021-09-19 04:53:19 CEST.

Flavor Version Tinstall Tcheck Ttotal Status Flags
r-devel-linux-x86_64-debian-clang 0.2.6 27.90 235.80 263.70 OK
r-devel-linux-x86_64-debian-gcc 0.2.6 20.41 176.19 196.60 OK
r-devel-linux-x86_64-fedora-clang 0.2.6 323.80 OK
r-devel-linux-x86_64-fedora-gcc 0.2.6 329.17 OK
r-devel-windows-x86_64 0.2.6 35.00 292.00 327.00 OK
r-devel-windows-x86_64-gcc10-UCRT 0.2.6 ERROR
r-patched-linux-x86_64 0.2.6 29.93 225.64 255.57 OK
r-patched-solaris-x86 0.2.6 403.90 OK
r-release-linux-x86_64 0.2.6 22.95 223.86 246.81 OK
r-release-macos-arm64 0.2.6 OK
r-release-macos-x86_64 0.2.6 OK
r-release-windows-ix86+x86_64 0.2.6 67.00 217.00 284.00 OK
r-oldrel-macos-x86_64 0.2.6 OK
r-oldrel-windows-ix86+x86_64 0.2.6 69.00 219.00 288.00 OK

Check Details

Version: 0.2.6
Check: whether package can be installed
Result: WARN
    Found the following significant warnings:
     WARNING: installation-time patches will not be applied, could not get the patches index
Flavor: r-devel-windows-x86_64-gcc10-UCRT

Version: 0.2.6
Check: PDF version of manual
Result: WARN
    LaTeX errors when creating PDF version.
    This typically indicates Rd problems.
Flavor: r-devel-windows-x86_64-gcc10-UCRT

Version: 0.2.6
Check: PDF version of manual without hyperrefs or index
Result: ERROR
    Re-running with no redirection of stdout/stderr.
Flavor: r-devel-windows-x86_64-gcc10-UCRT