Last updated on 2024-04-23 08:58:12 CEST.
Flavor | Version | Tinstall | Tcheck | Ttotal | Status | Flags |
---|---|---|---|---|---|---|
r-devel-linux-x86_64-debian-clang | 0.1.0 | 10.91 | 75.10 | 86.01 | NOTE | |
r-devel-linux-x86_64-debian-gcc | 0.1.0 | 7.55 | 55.21 | 62.76 | NOTE | |
r-devel-linux-x86_64-fedora-clang | 0.1.0 | 107.81 | NOTE | |||
r-devel-linux-x86_64-fedora-gcc | 0.1.0 | 110.74 | NOTE | |||
r-prerel-macos-arm64 | 0.1.0 | 38.00 | NOTE | |||
r-prerel-windows-x86_64 | 0.1.0 | 8.00 | 72.00 | 80.00 | NOTE | |
r-patched-linux-x86_64 | 0.1.0 | 5.66 | 69.53 | 75.19 | NOTE | |
r-release-linux-x86_64 | 0.1.0 | 5.86 | 69.79 | 75.65 | NOTE | |
r-release-macos-arm64 | 0.1.0 | 38.00 | NOTE | |||
r-release-macos-x86_64 | 0.1.0 | 65.00 | NOTE | |||
r-release-windows-x86_64 | 0.1.0 | 11.00 | 75.00 | 86.00 | NOTE | |
r-oldrel-macos-arm64 | 0.1.0 | 34.00 | NOTE | |||
r-oldrel-windows-x86_64 | 0.1.0 | 11.00 | 80.00 | 91.00 | NOTE |
Version: 0.1.0
Check: LazyData
Result: NOTE
'LazyData' is specified without a 'data' directory
Flavors: r-devel-linux-x86_64-debian-clang, r-devel-linux-x86_64-debian-gcc, r-devel-linux-x86_64-fedora-clang, r-devel-linux-x86_64-fedora-gcc, r-prerel-macos-arm64, r-prerel-windows-x86_64, r-patched-linux-x86_64, r-release-linux-x86_64, r-release-macos-arm64, r-release-macos-x86_64, r-release-windows-x86_64, r-oldrel-macos-arm64, r-oldrel-windows-x86_64