CRAN Package Check Results for Package profvis

Last updated on 2021-09-21 04:55:27 CEST.

Flavor Version Tinstall Tcheck Ttotal Status Flags
r-devel-linux-x86_64-debian-clang 0.3.7 3.55 30.32 33.87 OK
r-devel-linux-x86_64-debian-gcc 0.3.7 2.71 24.10 26.81 OK
r-devel-linux-x86_64-fedora-clang 0.3.7 49.31 OK
r-devel-linux-x86_64-fedora-gcc 0.3.7 38.72 OK
r-devel-windows-x86_64 0.3.7 6.00 37.00 43.00 OK
r-devel-windows-x86_64-gcc10-UCRT 0.3.7 ERROR
r-patched-linux-x86_64 0.3.7 3.42 29.51 32.93 OK
r-patched-solaris-x86 0.3.7 65.80 OK
r-release-linux-x86_64 0.3.7 3.28 29.21 32.49 OK
r-release-macos-arm64 0.3.7 OK
r-release-macos-x86_64 0.3.7 OK
r-release-windows-ix86+x86_64 0.3.7 13.00 47.00 60.00 OK
r-oldrel-macos-x86_64 0.3.7 OK
r-oldrel-windows-ix86+x86_64 0.3.7 13.00 44.00 57.00 OK

Check Details

Version: 0.3.7
Check: whether package can be installed
Result: ERROR
    Installation failed.
Flavor: r-devel-windows-x86_64-gcc10-UCRT