Last updated on 2023-12-08 16:54:18 CET.
Flavor | Version | Tinstall | Tcheck | Ttotal | Status | Flags |
---|---|---|---|---|---|---|
r-devel-linux-x86_64-debian-clang | 1.0-13 | 5.84 | 21.88 | 27.72 | WARN | |
r-devel-linux-x86_64-debian-gcc | 1.0-13 | 3.65 | 17.50 | 21.15 | OK | |
r-devel-linux-x86_64-fedora-clang | 1.0-13 | 37.50 | WARN | |||
r-devel-linux-x86_64-fedora-gcc | 1.0-13 | 36.01 | OK | |||
r-devel-windows-x86_64 | 1.0-13 | 21.00 | 157.00 | 178.00 | NOTE | |
r-patched-linux-x86_64 | 1.0-13 | 4.99 | 22.18 | 27.17 | OK | |
r-release-linux-x86_64 | 1.0-13 | 4.97 | 22.36 | 27.33 | OK | |
r-release-macos-arm64 | 1.0-13 | 25.00 | NOTE | |||
r-release-macos-x86_64 | 1.0-13 | 43.00 | NOTE | |||
r-release-windows-x86_64 | 1.0-13 | 21.00 | 189.00 | 210.00 | NOTE | |
r-oldrel-macos-arm64 | 1.0-13 | 27.00 | NOTE | |||
r-oldrel-macos-x86_64 | 1.0-13 | 42.00 | NOTE | |||
r-oldrel-windows-x86_64 | 1.0-13 | 11.00 | 127.00 | 138.00 | NOTE |
Version: 1.0-13
Check: whether package can be installed
Result: WARN
Found the following significant warnings:
p4.c:24:11: warning: format string is not a string literal (potentially insecure) [-Wformat-security]
p4.c:44:8: warning: format string is not a string literal (potentially insecure) [-Wformat-security]
p4.c:107:11: warning: format string is not a string literal (potentially insecure) [-Wformat-security]
p4.c:112:11: warning: format string is not a string literal (potentially insecure) [-Wformat-security]
p4.c:156:11: warning: format string is not a string literal (potentially insecure) [-Wformat-security]
See ‘/home/hornik/tmp/R.check/r-devel-clang/Work/PKGS/proj4.Rcheck/00install.out’ for details.
* used C compiler: ‘Debian clang version 17.0.5 (1)’
Flavor: r-devel-linux-x86_64-debian-clang
Version: 1.0-13
Check: whether package can be installed
Result: WARN
Found the following significant warnings:
p4.c:24:11: warning: format string is not a string literal (potentially insecure) [-Wformat-security]
p4.c:44:8: warning: format string is not a string literal (potentially insecure) [-Wformat-security]
p4.c:107:11: warning: format string is not a string literal (potentially insecure) [-Wformat-security]
p4.c:112:11: warning: format string is not a string literal (potentially insecure) [-Wformat-security]
p4.c:156:11: warning: format string is not a string literal (potentially insecure) [-Wformat-security]
See ‘/data/gannet/ripley/R/packages/tests-clang/proj4.Rcheck/00install.out’ for details.
* used C compiler: ‘clang version 17.0.5’
Flavor: r-devel-linux-x86_64-fedora-clang
Version: 1.0-13
Check: installed package size
Result: NOTE
installed size is 15.0Mb
sub-directories of 1Mb or more:
libs 14.9Mb
Flavors: r-devel-windows-x86_64, r-release-macos-arm64, r-release-macos-x86_64, r-release-windows-x86_64, r-oldrel-macos-arm64, r-oldrel-macos-x86_64, r-oldrel-windows-x86_64