Last updated on 2024-04-17 16:53:16 CEST.
Flavor | Version | Tinstall | Tcheck | Ttotal | Status | Flags |
---|---|---|---|---|---|---|
r-devel-linux-x86_64-debian-clang | 0.1.5 | 10.68 | 79.74 | 90.42 | OK | |
r-devel-linux-x86_64-debian-gcc | 0.1.5 | 7.89 | 59.49 | 67.38 | OK | |
r-devel-linux-x86_64-fedora-clang | 0.1.5 | 112.55 | OK | |||
r-devel-linux-x86_64-fedora-gcc | 0.1.5 | 105.73 | OK | |||
r-prerel-macos-arm64 | 0.1.5 | 37.00 | OK | |||
r-prerel-windows-x86_64 | 0.1.5 | 10.00 | 80.00 | 90.00 | OK | |
r-patched-linux-x86_64 | 0.1.5 | 0.29 | 2.18 | 2.47 | ERROR | |
r-release-linux-x86_64 | 0.1.5 | 9.77 | 75.94 | 85.71 | OK | |
r-release-macos-arm64 | 0.1.5 | 38.00 | OK | |||
r-release-macos-x86_64 | 0.1.5 | 54.00 | OK | |||
r-release-windows-x86_64 | 0.1.5 | 15.00 | 91.00 | 106.00 | OK | |
r-oldrel-macos-arm64 | 0.1.5 | 35.00 | OK | |||
r-oldrel-windows-x86_64 | 0.1.5 | 14.00 | 90.00 | 104.00 | OK |
Version: 0.1.5
Check: package dependencies
Result: ERROR
Package required but not available: ‘prophet’
See section ‘The DESCRIPTION file’ in the ‘Writing R Extensions’
manual.
Flavor: r-patched-linux-x86_64