CRAN Package Check Results for Package protag

Last updated on 2024-07-19 09:57:25 CEST.

Flavor Version Tinstall Tcheck Ttotal Status Flags
r-devel-linux-x86_64-debian-clang 1.0.0 5.70 63.98 69.68 OK
r-devel-linux-x86_64-debian-gcc 1.0.0 4.44 49.63 54.07 OK
r-devel-linux-x86_64-fedora-clang 1.0.0 90.80 NOTE
r-devel-linux-x86_64-fedora-gcc 1.0.0 82.35 NOTE
r-devel-windows-x86_64 1.0.0 7.00 66.00 73.00 OK
r-patched-linux-x86_64 1.0.0 5.11 60.93 66.04 OK
r-release-linux-x86_64 1.0.0 4.57 60.43 65.00 OK
r-release-macos-arm64 1.0.0 27.00 OK
r-release-macos-x86_64 1.0.0 40.00 OK
r-release-windows-x86_64 1.0.0 7.00 65.00 72.00 OK
r-oldrel-macos-arm64 1.0.0 30.00 OK
r-oldrel-macos-x86_64 1.0.0 46.00 OK
r-oldrel-windows-x86_64 1.0.0 7.00 75.00 82.00 OK

Check Details

Version: 1.0.0
Check: dependencies in R code
Result: NOTE Namespaces in Imports field not imported from: ‘RColorBrewer’ ‘grDevices’ All declared Imports should be used. Flavors: r-devel-linux-x86_64-fedora-clang, r-devel-linux-x86_64-fedora-gcc