Last updated on 2023-12-07 20:48:48 CET.
Flavor | Version | Tinstall | Tcheck | Ttotal | Status | Flags |
---|---|---|---|---|---|---|
r-devel-linux-x86_64-debian-clang | 1.1.4 | 22.84 | 173.03 | 195.87 | OK | |
r-devel-linux-x86_64-debian-gcc | 1.1.4 | 18.26 | 130.48 | 148.74 | OK | |
r-devel-linux-x86_64-fedora-clang | 1.1.4 | 239.83 | NOTE | |||
r-devel-linux-x86_64-fedora-gcc | 1.1.4 | 221.81 | OK | |||
r-devel-windows-x86_64 | 1.1.4 | 20.00 | 130.00 | 150.00 | OK | |
r-patched-linux-x86_64 | 1.1.4 | 14.58 | 163.44 | 178.02 | OK | |
r-release-linux-x86_64 | 1.1.4 | 16.14 | 166.91 | 183.05 | OK | |
r-release-macos-arm64 | 1.1.4 | 71.00 | OK | |||
r-release-macos-x86_64 | 1.1.4 | 164.00 | OK | |||
r-release-windows-x86_64 | 1.1.4 | 27.00 | 164.00 | 191.00 | OK | |
r-oldrel-macos-arm64 | 1.1.4 | 74.00 | OK | |||
r-oldrel-macos-x86_64 | 1.1.4 | 100.00 | OK | |||
r-oldrel-windows-x86_64 | 1.1.4 | 28.00 | 172.00 | 200.00 | OK |
Version: 1.1.4
Check: package dependencies
Result: NOTE
Imports includes 22 non-default packages.
Importing from so many packages makes the package vulnerable to any of
them becoming unavailable. Move as many as possible to Suggests and
use conditionally.
Flavor: r-devel-linux-x86_64-fedora-clang