Last updated on 2024-04-18 01:03:08 CEST.
Flavor | Version | Tinstall | Tcheck | Ttotal | Status | Flags |
---|---|---|---|---|---|---|
r-devel-linux-x86_64-debian-clang | 2.3.0 | 87.28 | 33.94 | 121.22 | OK | |
r-devel-linux-x86_64-debian-gcc | 2.3.0 | 70.31 | 25.75 | 96.06 | OK | |
r-devel-linux-x86_64-fedora-clang | 2.3.0 | 170.44 | NOTE | |||
r-devel-linux-x86_64-fedora-gcc | 2.3.0 | 177.27 | OK | |||
r-prerel-macos-arm64 | 2.3.0 | 39.00 | NOTE | |||
r-prerel-windows-x86_64 | 2.3.0 | 69.00 | 82.00 | 151.00 | OK | |
r-patched-linux-x86_64 | 2.3.0 | 87.79 | 31.85 | 119.64 | OK | |
r-release-linux-x86_64 | 2.3.0 | 86.87 | 31.42 | 118.29 | OK | |
r-release-macos-arm64 | 2.3.0 | 126.00 | NOTE | |||
r-release-macos-x86_64 | 2.3.0 | 75.00 | NOTE | |||
r-release-windows-x86_64 | 2.3.0 | 68.00 | 92.00 | 160.00 | OK | |
r-oldrel-macos-arm64 | 2.3.0 | 45.00 | NOTE | |||
r-oldrel-windows-x86_64 | 2.3.0 | 85.00 | 89.00 | 174.00 | OK |
Version: 2.3.0
Check: Rd cross-references
Result: NOTE
Undeclared package ‘RProtoBuf’ in Rd xrefs
Flavor: r-devel-linux-x86_64-fedora-clang
Version: 2.3.0
Check: installed package size
Result: NOTE
installed size is 21.4Mb
sub-directories of 1Mb or more:
libs 21.3Mb
Flavors: r-prerel-macos-arm64, r-release-macos-arm64, r-release-macos-x86_64, r-oldrel-macos-arm64