CRAN Package Check Results for Package proustr

Last updated on 2021-10-22 00:50:36 CEST.

Flavor Version Tinstall Tcheck Ttotal Status Flags
r-devel-linux-x86_64-debian-clang 0.4.0 7.38 60.21 67.59 OK
r-devel-linux-x86_64-debian-gcc 0.4.0 6.39 45.48 51.87 OK
r-devel-linux-x86_64-fedora-clang 0.4.0 90.39 NOTE
r-devel-linux-x86_64-fedora-gcc 0.4.0 79.36 NOTE
r-devel-windows-x86_64 0.4.0 13.00 87.00 100.00 OK
r-devel-windows-x86_64-gcc10-UCRT 0.4.0 NOTE
r-patched-linux-x86_64 0.4.0 7.16 56.59 63.75 OK
r-patched-solaris-x86 0.4.0 125.10 NOTE
r-release-linux-x86_64 0.4.0 6.74 56.15 62.89 OK
r-release-macos-arm64 0.4.0 NOTE
r-release-macos-x86_64 0.4.0 NOTE
r-release-windows-ix86+x86_64 0.4.0 20.00 85.00 105.00 OK
r-oldrel-macos-x86_64 0.4.0 NOTE
r-oldrel-windows-ix86+x86_64 0.4.0 18.00 85.00 103.00 OK

Check Details

Version: 0.4.0
Check: data for non-ASCII characters
Result: NOTE
     Note: found 12717 marked UTF-8 strings
Flavors: r-devel-linux-x86_64-fedora-clang, r-devel-linux-x86_64-fedora-gcc, r-devel-windows-x86_64-gcc10-UCRT, r-patched-solaris-x86, r-release-macos-arm64, r-release-macos-x86_64, r-oldrel-macos-x86_64