Last updated on 2024-04-19 16:58:53 CEST.
Flavor | Version | Tinstall | Tcheck | Ttotal | Status | Flags |
---|---|---|---|---|---|---|
r-devel-linux-x86_64-debian-clang | 0.4.0 | 8.53 | 66.44 | 74.97 | NOTE | |
r-devel-linux-x86_64-debian-gcc | 0.4.0 | NOTE | ||||
r-devel-linux-x86_64-fedora-clang | 0.4.0 | 95.55 | NOTE | |||
r-devel-linux-x86_64-fedora-gcc | 0.4.0 | 100.68 | NOTE | |||
r-prerel-macos-arm64 | 0.4.0 | 37.00 | NOTE | |||
r-prerel-windows-x86_64 | 0.4.0 | 9.00 | 74.00 | 83.00 | NOTE | |
r-patched-linux-x86_64 | 0.4.0 | 8.78 | 63.80 | 72.58 | NOTE | |
r-release-linux-x86_64 | 0.4.0 | 5.87 | 61.43 | 67.30 | OK | |
r-release-macos-arm64 | 0.4.0 | 38.00 | OK | |||
r-release-macos-x86_64 | 0.4.0 | 54.00 | OK | |||
r-release-windows-x86_64 | 0.4.0 | 12.00 | 81.00 | 93.00 | OK | |
r-oldrel-macos-arm64 | 0.4.0 | 31.00 | NOTE | |||
r-oldrel-windows-x86_64 | 0.4.0 | 12.00 | 85.00 | 97.00 | OK |
Version: 0.4.0
Check: Rd files
Result: NOTE
checkRd: (-1) pr_stem_sentences.Rd:20: Lost braces; missing escapes or markup?
20 | Implementation of the {SnowballC} stemmer. Note that punctuation and capital letters
| ^
checkRd: (-1) pr_stem_words.Rd:20: Lost braces; missing escapes or markup?
20 | Implementation of the {SnowballC} stemmer. Note that punctuation and capitals letters
| ^
checkRd: (-1) proust_sentiments.Rd:7: Lost braces; missing escapes or markup?
7 | See the {rfeel} package now: http://github.com/ColinFay/rfeel}
| ^
checkRd: (-1) proust_sentiments.Rd:20: Lost braces; missing escapes or markup?
20 | See the {rfeel} package now: http://github.com/ColinFay/rfeel
| ^
Flavors: r-devel-linux-x86_64-debian-clang, r-devel-linux-x86_64-debian-gcc, r-devel-linux-x86_64-fedora-clang, r-devel-linux-x86_64-fedora-gcc, r-prerel-macos-arm64, r-prerel-windows-x86_64, r-patched-linux-x86_64
Version: 0.4.0
Check: data for non-ASCII characters
Result: NOTE
Note: found 12717 marked UTF-8 strings
Flavors: r-devel-linux-x86_64-fedora-clang, r-devel-linux-x86_64-fedora-gcc, r-oldrel-macos-arm64