CRAN Package Check Results for Package provDebugR

Last updated on 2023-09-21 17:55:52 CEST.

Flavor Version Tinstall Tcheck Ttotal Status Flags
r-devel-linux-x86_64-debian-clang 1.0.1 4.72 59.72 64.44 NOTE
r-devel-linux-x86_64-debian-gcc 1.0.1 3.11 44.12 47.23 NOTE
r-devel-linux-x86_64-fedora-clang 1.0.1 80.55 NOTE
r-devel-linux-x86_64-fedora-gcc 1.0.1 91.32 NOTE
r-devel-windows-x86_64 1.0.1 5.00 70.00 75.00 NOTE
r-patched-linux-x86_64 1.0.1 4.53 56.72 61.25 NOTE
r-release-linux-x86_64 1.0.1 4.29 56.31 60.60 NOTE
r-release-macos-arm64 1.0.1 35.00 NOTE
r-release-macos-x86_64 1.0.1 50.00 NOTE
r-release-windows-x86_64 1.0.1 5.00 76.00 81.00 NOTE
r-oldrel-macos-arm64 1.0.1 26.00 NOTE
r-oldrel-macos-x86_64 1.0.1 35.00 NOTE
r-oldrel-windows-x86_64 1.0.1 7.00 79.00 86.00 NOTE

Check Details

Version: 1.0.1
Check: package dependencies
Result: NOTE
    Package suggested but not available for checking: ‘rdt’
Flavors: r-devel-linux-x86_64-debian-clang, r-devel-linux-x86_64-debian-gcc, r-devel-linux-x86_64-fedora-clang, r-devel-linux-x86_64-fedora-gcc, r-devel-windows-x86_64, r-patched-linux-x86_64, r-release-linux-x86_64, r-release-macos-arm64, r-release-macos-x86_64, r-release-windows-x86_64, r-oldrel-macos-arm64, r-oldrel-windows-x86_64

Version: 1.0.1
Check: package dependencies
Result: NOTE
    Packages suggested but not available for checking: 'rdtLite', 'rdt'
Flavor: r-oldrel-macos-x86_64