Last updated on 2024-04-23 08:58:12 CEST.
Flavor | Version | Tinstall | Tcheck | Ttotal | Status | Flags |
---|---|---|---|---|---|---|
r-devel-linux-x86_64-debian-clang | 1.0.1 | 3.28 | 62.19 | 65.47 | NOTE | |
r-devel-linux-x86_64-debian-gcc | 1.0.1 | 3.28 | 44.11 | 47.39 | NOTE | |
r-devel-linux-x86_64-fedora-clang | 1.0.1 | 81.44 | NOTE | |||
r-devel-linux-x86_64-fedora-gcc | 1.0.1 | 90.47 | NOTE | |||
r-prerel-macos-arm64 | 1.0.1 | 40.00 | NOTE | |||
r-prerel-windows-x86_64 | 1.0.1 | 5.00 | 78.00 | 83.00 | NOTE | |
r-patched-linux-x86_64 | 1.0.1 | 3.66 | 56.68 | 60.34 | NOTE | |
r-release-linux-x86_64 | 1.0.1 | 3.54 | 55.70 | 59.24 | NOTE | |
r-release-macos-arm64 | 1.0.1 | 35.00 | NOTE | |||
r-release-macos-x86_64 | 1.0.1 | 50.00 | NOTE | |||
r-release-windows-x86_64 | 1.0.1 | 6.00 | 73.00 | 79.00 | NOTE | |
r-oldrel-macos-arm64 | 1.0.1 | 26.00 | NOTE | |||
r-oldrel-windows-x86_64 | 1.0.1 | 6.00 | 75.00 | 81.00 | NOTE |
Version: 1.0.1
Check: package dependencies
Result: NOTE
Package suggested but not available for checking: ‘rdt’
Flavors: r-devel-linux-x86_64-debian-clang, r-devel-linux-x86_64-debian-gcc, r-devel-linux-x86_64-fedora-clang, r-devel-linux-x86_64-fedora-gcc, r-prerel-macos-arm64, r-prerel-windows-x86_64, r-patched-linux-x86_64, r-release-linux-x86_64, r-release-macos-arm64, r-release-macos-x86_64, r-release-windows-x86_64, r-oldrel-macos-arm64, r-oldrel-windows-x86_64