CRAN Package Check Results for Package provParseR

Last updated on 2024-02-23 08:53:41 CET.

Flavor Version Tinstall Tcheck Ttotal Status Flags
r-devel-linux-x86_64-debian-clang 1.0 NOTE
r-devel-linux-x86_64-debian-gcc 1.0 2.79 22.70 25.49 NOTE
r-devel-linux-x86_64-fedora-clang 1.0 41.11 OK
r-devel-linux-x86_64-fedora-gcc 1.0 38.57 OK
r-devel-windows-x86_64 1.0 4.00 51.00 55.00 OK
r-patched-linux-x86_64 1.0 2.77 28.33 31.10 OK
r-release-linux-x86_64 1.0 2.97 28.49 31.46 OK
r-release-macos-arm64 1.0 17.00 OK
r-release-macos-x86_64 1.0 24.00 OK
r-release-windows-x86_64 1.0 4.00 45.00 49.00 OK
r-oldrel-macos-arm64 1.0 17.00 OK
r-oldrel-windows-x86_64 1.0 6.00 50.00 56.00 OK

Check Details

Version: 1.0
Check: Rd files
Result: NOTE checkRd: (-1) access.Rd:97: Lost braces in \itemize; \value handles \item{}{} directly checkRd: (-1) access.Rd:102: Lost braces in \itemize; \value handles \item{}{} directly checkRd: (-1) access.Rd:103: Lost braces in \itemize; \value handles \item{}{} directly checkRd: (-1) access.Rd:105: Lost braces in \itemize; \value handles \item{}{} directly checkRd: (-1) access.Rd:106: Lost braces in \itemize; \value handles \item{}{} directly checkRd: (-1) access.Rd:138: Lost braces in \itemize; \value handles \item{}{} directly checkRd: (-1) access.Rd:139-140: Lost braces in \itemize; \value handles \item{}{} directly checkRd: (-1) access.Rd:141: Lost braces in \itemize; \value handles \item{}{} directly checkRd: (-1) access.Rd:142: Lost braces in \itemize; \value handles \item{}{} directly checkRd: (-1) access.Rd:143-144: Lost braces in \itemize; \value handles \item{}{} directly checkRd: (-1) access.Rd:145-146: Lost braces in \itemize; \value handles \item{}{} directly checkRd: (-1) access.Rd:155: Lost braces in \itemize; \value handles \item{}{} directly checkRd: (-1) access.Rd:156: Lost braces in \itemize; \value handles \item{}{} directly checkRd: (-1) access.Rd:157: Lost braces in \itemize; \value handles \item{}{} directly checkRd: (-1) access.Rd:158-159: Lost braces in \itemize; \value handles \item{}{} directly checkRd: (-1) access.Rd:160-161: Lost braces in \itemize; \value handles \item{}{} directly checkRd: (-1) access.Rd:162: Lost braces in \itemize; \value handles \item{}{} directly checkRd: (-1) access.Rd:163: Lost braces in \itemize; \value handles \item{}{} directly checkRd: (-1) access.Rd:164: Lost braces in \itemize; \value handles \item{}{} directly checkRd: (-1) access.Rd:165: Lost braces in \itemize; \value handles \item{}{} directly checkRd: (-1) access.Rd:166: Lost braces in \itemize; \value handles \item{}{} directly checkRd: (-1) access.Rd:172: Lost braces in \itemize; \value handles \item{}{} directly checkRd: (-1) access.Rd:173: Lost braces in \itemize; \value handles \item{}{} directly checkRd: (-1) access.Rd:174: Lost braces in \itemize; \value handles \item{}{} directly checkRd: (-1) access.Rd:180: Lost braces in \itemize; \value handles \item{}{} directly checkRd: (-1) access.Rd:181: Lost braces in \itemize; \value handles \item{}{} directly checkRd: (-1) access.Rd:182: Lost braces in \itemize; \value handles \item{}{} directly checkRd: (-1) access.Rd:243: Lost braces in \itemize; \value handles \item{}{} directly checkRd: (-1) access.Rd:244-245: Lost braces in \itemize; \value handles \item{}{} directly checkRd: (-1) access.Rd:246-247: Lost braces in \itemize; \value handles \item{}{} directly checkRd: (-1) access.Rd:248-249: Lost braces in \itemize; \value handles \item{}{} directly Flavors: r-devel-linux-x86_64-debian-clang, r-devel-linux-x86_64-debian-gcc