Last updated on 2024-04-19 16:58:53 CEST.
Flavor | Version | Tinstall | Tcheck | Ttotal | Status | Flags |
---|---|---|---|---|---|---|
r-devel-linux-x86_64-debian-clang | 0.8.0 | 817.07 | 45.77 | 862.84 | OK | |
r-devel-linux-x86_64-debian-gcc | 0.8.0 | OK | ||||
r-devel-linux-x86_64-fedora-clang | 0.8.0 | 1299.37 | NOTE | |||
r-devel-linux-x86_64-fedora-gcc | 0.8.0 | 1309.92 | OK | |||
r-prerel-macos-arm64 | 0.8.0 | 216.00 | NOTE | |||
r-prerel-macos-x86_64 | 0.8.0 | 248.00 | NOTE | |||
r-prerel-windows-x86_64 | 0.8.0 | 414.00 | 163.00 | 577.00 | NOTE | |
r-patched-linux-x86_64 | 0.8.0 | 834.41 | 42.59 | 877.00 | OK | |
r-release-linux-x86_64 | 0.8.0 | 839.14 | 40.08 | 879.22 | OK | |
r-release-macos-arm64 | 0.8.0 | 220.00 | NOTE | |||
r-release-macos-x86_64 | 0.8.0 | 255.00 | NOTE | |||
r-release-windows-x86_64 | 0.8.0 | 450.00 | 226.00 | 676.00 | NOTE | |
r-oldrel-macos-arm64 | 0.8.0 | 217.00 | NOTE | |||
r-oldrel-windows-x86_64 | 0.8.0 | 558.00 | 214.00 | 772.00 | WARN |
Version: 0.8.0
Check: installed package size
Result: NOTE
installed size is 19.2Mb
sub-directories of 1Mb or more:
libs 18.9Mb
Flavors: r-devel-linux-x86_64-fedora-clang, r-prerel-macos-arm64, r-prerel-macos-x86_64, r-prerel-windows-x86_64, r-release-macos-arm64, r-release-macos-x86_64, r-release-windows-x86_64, r-oldrel-macos-arm64, r-oldrel-windows-x86_64
Version: 0.8.0
Check: whether package can be installed
Result: WARN
Found the following significant warnings:
Warning: corrupt .drectve at end of def file
Flavor: r-oldrel-windows-x86_64