Last updated on 2023-12-01 16:51:40 CET.
Flavor | Version | Tinstall | Tcheck | Ttotal | Status | Flags |
---|---|---|---|---|---|---|
r-devel-linux-x86_64-debian-clang | 1.5.5.1 | 13.97 | 110.94 | 124.91 | WARN | |
r-devel-linux-x86_64-debian-gcc | 1.5.5.1 | 10.12 | 82.68 | 92.80 | NOTE | |
r-devel-linux-x86_64-fedora-clang | 1.5.5.1 | 160.76 | WARN | |||
r-devel-linux-x86_64-fedora-gcc | 1.5.5.1 | 168.98 | OK | |||
r-devel-windows-x86_64 | 1.5.5.1 | 19.00 | 146.00 | 165.00 | OK | |
r-patched-linux-x86_64 | 1.5.5.1 | 16.19 | 111.08 | 127.27 | OK | |
r-release-linux-x86_64 | 1.5.5.1 | 13.55 | 106.28 | 119.83 | OK | |
r-release-macos-arm64 | 1.5.5.1 | 62.00 | OK | |||
r-release-macos-x86_64 | 1.5.5.1 | 175.00 | OK | |||
r-release-windows-x86_64 | 1.5.5.1 | 21.00 | 157.00 | 178.00 | OK | |
r-oldrel-macos-arm64 | 1.5.5.1 | 58.00 | OK | |||
r-oldrel-macos-x86_64 | 1.5.5.1 | 93.00 | OK | |||
r-oldrel-windows-x86_64 | 1.5.5.1 | 26.00 | 154.00 | 180.00 | OK |
Version: 1.5.5.1
Check: whether package can be installed
Result: WARN
Found the following significant warnings:
util.c:13:9: warning: format string is not a string literal (potentially insecure) [-Wformat-security]
See ‘/home/hornik/tmp/R.check/r-devel-clang/Work/PKGS/pscl.Rcheck/00install.out’ for details.
* used C compiler: ‘Debian clang version 17.0.5 (1)’
Flavor: r-devel-linux-x86_64-debian-clang
Version: 1.5.5.1
Check: Rd files
Result: NOTE
checkRd: (-1) partycodes.Rd:15-16: Lost braces in \itemize; meant \describe ?
checkRd: (-1) partycodes.Rd:17: Lost braces in \itemize; meant \describe ?
checkRd: (-1) presidentialElections.Rd:14: Lost braces in \itemize; meant \describe ?
checkRd: (-1) presidentialElections.Rd:15: Lost braces
15 | \item{\item{demVote}}{numeric, percent of the vote for president won by the
| ^
checkRd: (-1) presidentialElections.Rd:15-16: Lost braces in \itemize; meant \describe ?
checkRd: (-1) presidentialElections.Rd:17: Lost braces
17 | \item{\item{year}}{numeric, integer}
| ^
checkRd: (-1) presidentialElections.Rd:17: Lost braces in \itemize; meant \describe ?
checkRd: (-1) presidentialElections.Rd:18: Lost braces
18 | \item{\item{south}}{logical, \code{TRUE} if state is one of the 11 states
| ^
checkRd: (-1) presidentialElections.Rd:18-19: Lost braces in \itemize; meant \describe ?
checkRd: (-1) unionDensity.Rd:15-17: Lost braces in \itemize; meant \describe ?
checkRd: (-1) unionDensity.Rd:18-20: Lost braces in \itemize; meant \describe ?
checkRd: (-1) unionDensity.Rd:21-22: Lost braces in \itemize; meant \describe ?
checkRd: (-1) unionDensity.Rd:23-29: Lost braces in \itemize; meant \describe ?
Flavors: r-devel-linux-x86_64-debian-clang, r-devel-linux-x86_64-debian-gcc
Version: 1.5.5.1
Check: whether package can be installed
Result: WARN
Found the following significant warnings:
util.c:13:9: warning: format string is not a string literal (potentially insecure) [-Wformat-security]
See ‘/data/gannet/ripley/R/packages/tests-clang/pscl.Rcheck/00install.out’ for details.
* used C compiler: ‘clang version 17.0.5’
Flavor: r-devel-linux-x86_64-fedora-clang