Last updated on 2024-07-18 08:51:16 CEST.
Flavor | Version | Tinstall | Tcheck | Ttotal | Status | Flags |
---|---|---|---|---|---|---|
r-devel-linux-x86_64-debian-clang | 1.3.1 | 2.94 | 200.10 | 203.04 | NOTE | |
r-devel-linux-x86_64-debian-gcc | 1.3.1 | 3.49 | 140.71 | 144.20 | NOTE | |
r-devel-linux-x86_64-fedora-clang | 1.3.1 | 251.57 | NOTE | |||
r-devel-linux-x86_64-fedora-gcc | 1.3.1 | 257.42 | NOTE | |||
r-devel-windows-x86_64 | 1.3.1 | 5.00 | 156.00 | 161.00 | NOTE | |
r-patched-linux-x86_64 | 1.3.1 | 3.38 | 192.66 | 196.04 | NOTE | |
r-release-linux-x86_64 | 1.3.1 | 4.91 | 187.62 | 192.53 | NOTE | |
r-release-macos-arm64 | 1.3.1 | 64.00 | NOTE | |||
r-release-macos-x86_64 | 1.3.1 | 112.00 | NOTE | |||
r-release-windows-x86_64 | 1.3.1 | 5.00 | 158.00 | 163.00 | NOTE | |
r-oldrel-macos-arm64 | 1.3.1 | 69.00 | NOTE | |||
r-oldrel-macos-x86_64 | 1.3.1 | 150.00 | NOTE | |||
r-oldrel-windows-x86_64 | 1.3.1 | 6.00 | 197.00 | 203.00 | NOTE |
Version: 1.3.1
Check: LazyData
Result: NOTE
'LazyData' is specified without a 'data' directory
Flavors: r-devel-linux-x86_64-debian-clang, r-devel-linux-x86_64-debian-gcc, r-devel-linux-x86_64-fedora-clang, r-devel-linux-x86_64-fedora-gcc, r-devel-windows-x86_64, r-patched-linux-x86_64, r-release-linux-x86_64, r-release-macos-arm64, r-release-macos-x86_64, r-release-windows-x86_64, r-oldrel-macos-arm64, r-oldrel-macos-x86_64, r-oldrel-windows-x86_64
Version: 1.3.1
Check: Rd cross-references
Result: NOTE
Found the following Rd file(s) with Rd \link{} targets missing package
anchors:
risk_exponential.Rd: Surv
risk_weibull.Rd: Surv
Please provide package anchors for all Rd \link{} targets not in the
package itself and the base packages.
Flavor: r-devel-windows-x86_64