Last updated on 2023-10-04 00:58:34 CEST.
Flavor | Version | Tinstall | Tcheck | Ttotal | Status | Flags |
---|---|---|---|---|---|---|
r-devel-linux-x86_64-debian-clang | 1.1.1 | 24.94 | 226.21 | 251.15 | OK | |
r-devel-linux-x86_64-debian-gcc | 1.1.1 | 20.63 | 164.18 | 184.81 | OK | |
r-devel-linux-x86_64-fedora-clang | 1.1.1 | 315.08 | NOTE | |||
r-devel-linux-x86_64-fedora-gcc | 1.1.1 | 313.24 | OK | |||
r-devel-windows-x86_64 | 1.1.1 | 24.00 | 161.00 | 185.00 | OK | |
r-patched-linux-x86_64 | 1.1.1 | 26.15 | 207.79 | 233.94 | OK | |
r-release-linux-x86_64 | 1.1.1 | 25.93 | 216.05 | 241.98 | OK | |
r-release-macos-arm64 | 1.1.1 | 127.00 | OK | |||
r-release-macos-x86_64 | 1.1.1 | 308.00 | OK | |||
r-release-windows-x86_64 | 1.1.1 | 31.00 | 205.00 | 236.00 | OK | |
r-oldrel-macos-arm64 | 1.1.1 | 8.00 | ERROR | |||
r-oldrel-macos-x86_64 | 1.1.1 | 13.00 | ERROR | |||
r-oldrel-windows-x86_64 | 1.1.1 | 34.00 | 203.00 | 237.00 | OK |
Version: 1.1.1
Check: Rd cross-references
Result: NOTE
Undeclared package ‘spsur’ in Rd xrefs
Flavor: r-devel-linux-x86_64-fedora-clang
Version: 1.1.1
Check: package dependencies
Result: ERROR
Package required and available but unsuitable version: ‘splines’
See section ‘The DESCRIPTION file’ in the ‘Writing R Extensions’
manual.
Flavors: r-oldrel-macos-arm64, r-oldrel-macos-x86_64