CRAN Package Check Results for Package pspline.inference

Last updated on 2021-10-21 08:51:01 CEST.

Flavor Version Tinstall Tcheck Ttotal Status Flags
r-devel-linux-x86_64-debian-clang 1.0.4 10.48 169.18 179.66 NOTE
r-devel-linux-x86_64-debian-gcc 1.0.4 8.28 126.21 134.49 NOTE
r-devel-linux-x86_64-fedora-clang 1.0.4 215.68 NOTE
r-devel-linux-x86_64-fedora-gcc 1.0.4 208.09 NOTE
r-devel-windows-x86_64 1.0.4 15.00 164.00 179.00 NOTE
r-devel-windows-x86_64-gcc10-UCRT 1.0.4 WARN
r-patched-linux-x86_64 1.0.4 9.64 160.75 170.39 NOTE
r-patched-solaris-x86 1.0.4 493.50 NOTE
r-release-linux-x86_64 1.0.4 9.36 155.78 165.14 NOTE
r-release-macos-arm64 1.0.4 NOTE
r-release-macos-x86_64 1.0.4 NOTE
r-release-windows-ix86+x86_64 1.0.4 24.00 195.00 219.00 NOTE
r-oldrel-macos-x86_64 1.0.4 OK
r-oldrel-windows-ix86+x86_64 1.0.4 23.00 213.00 236.00 OK

Check Details

Version: 1.0.4
Check: LazyData
Result: NOTE
     'LazyData' is specified without a 'data' directory
Flavors: r-devel-linux-x86_64-debian-clang, r-devel-linux-x86_64-debian-gcc, r-devel-linux-x86_64-fedora-clang, r-devel-linux-x86_64-fedora-gcc, r-devel-windows-x86_64, r-devel-windows-x86_64-gcc10-UCRT, r-patched-linux-x86_64, r-patched-solaris-x86, r-release-linux-x86_64, r-release-macos-arm64, r-release-macos-x86_64, r-release-windows-ix86+x86_64

Version: 1.0.4
Check: re-building of vignette outputs
Result: WARN
    Error(s) in re-building vignettes:
    --- re-building 'seasonal.Rmd' using rmarkdown
    Loading required package: nlme
    This is mgcv 1.8-38. For overview type 'help("mgcv-package")'.
    
    Attaching package: 'dplyr'
    
    The following object is masked from 'package:nlme':
    
     collapse
    
    The following objects are masked from 'package:stats':
    
     filter, lag
    
    The following objects are masked from 'package:base':
    
     intersect, setdiff, setequal, union
    
    
    Attaching package: 'kableExtra'
    
    The following object is masked from 'package:dplyr':
    
     group_rows
    
    Loading required package: foreach
    Loading required package: iterators
    Loading required package: parallel
    Warning: <anonymous>: ... may be used in an incorrect context: '.fun(piece, ...)'
    
    Warning: <anonymous>: ... may be used in an incorrect context: '.fun(piece, ...)'
    
    Quitting from lines 331-342 (seasonal.Rmd)
    Error: processing vignette 'seasonal.Rmd' failed with diagnostics:
    task 1 failed - "object 'makeModel' not found"
    --- failed re-building 'seasonal.Rmd'
    
    SUMMARY: processing the following file failed:
     'seasonal.Rmd'
    
    Error: Vignette re-building failed.
    Execution halted
Flavor: r-devel-windows-x86_64-gcc10-UCRT