Last updated on 2023-06-05 16:55:03 CEST.
Flavor | Version | Tinstall | Tcheck | Ttotal | Status | Flags |
---|---|---|---|---|---|---|
r-devel-linux-x86_64-debian-clang | 3.1 | 365.16 | 193.55 | 558.71 | NOTE | |
r-devel-linux-x86_64-debian-gcc | 3.1 | 324.36 | 161.59 | 485.95 | NOTE | |
r-devel-linux-x86_64-fedora-clang | 3.1 | 719.02 | NOTE | |||
r-devel-linux-x86_64-fedora-gcc | 3.1 | 921.84 | NOTE | |||
r-devel-windows-x86_64 | 3.1 | 283.00 | 184.00 | 467.00 | NOTE | |
r-patched-linux-x86_64 | 3.1 | 288.37 | 211.06 | 499.43 | NOTE | |
r-release-linux-x86_64 | 3.1 | 264.71 | 212.27 | 476.98 | NOTE | |
r-release-macos-arm64 | 3.1 | 218.00 | NOTE | |||
r-release-macos-x86_64 | 3.1 | 351.00 | NOTE | |||
r-release-windows-x86_64 | 3.1 | 364.00 | 245.00 | 609.00 | NOTE | |
r-oldrel-macos-arm64 | 3.1 | 193.00 | NOTE | |||
r-oldrel-macos-x86_64 | 3.1 | 329.00 | NOTE | |||
r-oldrel-windows-x86_64 | 3.1 | 343.00 | 228.00 | 571.00 | NOTE |
Version: 3.1
Check: C++ specification
Result: NOTE
Specified C++14: please drop specification unless essential
Flavors: r-devel-linux-x86_64-debian-clang, r-devel-linux-x86_64-debian-gcc, r-devel-linux-x86_64-fedora-clang, r-devel-linux-x86_64-fedora-gcc, r-devel-windows-x86_64, r-patched-linux-x86_64, r-release-linux-x86_64, r-release-macos-arm64, r-release-macos-x86_64, r-release-windows-x86_64
Version: 3.1
Check: for GNU extensions in Makefiles
Result: NOTE
GNU make is a SystemRequirements.
Flavors: r-devel-linux-x86_64-debian-clang, r-devel-linux-x86_64-debian-gcc, r-devel-linux-x86_64-fedora-clang, r-devel-linux-x86_64-fedora-gcc, r-devel-windows-x86_64, r-patched-linux-x86_64, r-release-linux-x86_64, r-release-macos-arm64, r-release-macos-x86_64, r-release-windows-x86_64, r-oldrel-macos-arm64, r-oldrel-macos-x86_64, r-oldrel-windows-x86_64
Version: 3.1
Check: installed package size
Result: NOTE
installed size is 51.0Mb
sub-directories of 1Mb or more:
libs 50.4Mb
Flavors: r-release-macos-arm64, r-release-macos-x86_64, r-oldrel-macos-arm64, r-oldrel-macos-x86_64