CRAN Package Check Results for Package psychmeta

Last updated on 2021-10-24 12:59:12 CEST.

Flavor Version Tinstall Tcheck Ttotal Status Flags
r-devel-linux-x86_64-debian-clang 2.6.0 51.72 391.23 442.95 OK
r-devel-linux-x86_64-debian-gcc 2.6.0 46.34 276.82 323.16 OK
r-devel-linux-x86_64-fedora-clang 2.6.0 527.18 NOTE
r-devel-linux-x86_64-fedora-gcc 2.6.0 517.19 NOTE
r-devel-windows-x86_64 2.6.0 88.00 430.00 518.00 OK
r-devel-windows-x86_64-gcc10-UCRT 2.6.0 NOTE
r-patched-linux-x86_64 2.6.0 52.76 374.71 427.47 OK
r-patched-solaris-x86 2.6.0 574.70 NOTE
r-release-linux-x86_64 2.6.0 52.26 374.49 426.75 OK
r-release-macos-arm64 2.6.0 NOTE
r-release-macos-x86_64 2.6.0 NOTE
r-release-windows-ix86+x86_64 2.6.0 69.00 430.00 499.00 OK
r-oldrel-macos-x86_64 2.6.0 NOTE
r-oldrel-windows-ix86+x86_64 2.6.0 97.00 421.00 518.00 OK

Check Details

Version: 2.6.0
Check: dependencies in R code
Result: NOTE
    Namespace in Imports field not imported from: ‘mathjaxr’
     All declared Imports should be used.
Flavors: r-devel-linux-x86_64-fedora-clang, r-devel-linux-x86_64-fedora-gcc, r-devel-windows-x86_64-gcc10-UCRT, r-patched-solaris-x86, r-release-macos-arm64, r-release-macos-x86_64, r-oldrel-macos-x86_64