Last updated on 2023-06-02 18:52:53 CEST.
Flavor | Version | Tinstall | Tcheck | Ttotal | Status | Flags |
---|---|---|---|---|---|---|
r-devel-linux-x86_64-debian-clang | 1.0-8 | 10.99 | 112.83 | 123.82 | OK | |
r-devel-linux-x86_64-debian-gcc | 1.0-8 | 9.48 | 84.46 | 93.94 | OK | |
r-devel-linux-x86_64-fedora-clang | 1.0-8 | 155.26 | NOTE | |||
r-devel-linux-x86_64-fedora-gcc | 1.0-8 | 159.52 | NOTE | |||
r-devel-windows-x86_64 | 1.0-8 | 14.00 | 102.00 | 116.00 | OK | |
r-patched-linux-x86_64 | 1.0-8 | OK | ||||
r-release-linux-x86_64 | 1.0-8 | 11.04 | 108.25 | 119.29 | OK | |
r-release-macos-arm64 | 1.0-8 | 53.00 | OK | |||
r-release-macos-x86_64 | 1.0-8 | 84.00 | OK | |||
r-release-windows-x86_64 | 1.0-8 | 16.00 | 124.00 | 140.00 | OK | |
r-oldrel-macos-arm64 | 1.0-8 | 54.00 | OK | |||
r-oldrel-macos-x86_64 | 1.0-8 | 59.00 | OK | |||
r-oldrel-windows-x86_64 | 1.0-8 | 15.00 | 115.00 | 130.00 | OK |
Version: 1.0-8
Check: compiled code
Result: NOTE
File ‘ptest/libs/ptest.so’:
Found no calls to: ‘R_registerRoutines’, ‘R_useDynamicSymbols’
It is good practice to register native routines and to disable symbol
search.
See ‘Writing portable packages’ in the ‘Writing R Extensions’ manual.
Flavors: r-devel-linux-x86_64-fedora-clang, r-devel-linux-x86_64-fedora-gcc