CRAN Package Check Results for Package ptinpoly

Last updated on 2021-10-27 13:08:08 CEST.

Flavor Version Tinstall Tcheck Ttotal Status Flags
r-devel-linux-x86_64-debian-clang 2.8 7.13 25.00 32.13 OK
r-devel-linux-x86_64-debian-gcc 2.8 5.47 20.35 25.82 OK
r-devel-linux-x86_64-fedora-clang 2.8 56.71 NOTE
r-devel-linux-x86_64-fedora-gcc 2.8 42.54 NOTE
r-devel-windows-x86_64 2.8 13.00 41.00 54.00 OK
r-devel-windows-x86_64-gcc10-UCRT 2.8 OK
r-patched-linux-x86_64 2.8 7.22 25.48 32.70 OK
r-patched-solaris-x86 2.8 67.80 OK
r-release-linux-x86_64 2.8 6.55 25.98 32.53 OK
r-release-macos-arm64 2.8 OK
r-release-macos-x86_64 2.8 OK
r-release-windows-ix86+x86_64 2.8 19.00 58.00 77.00 OK
r-oldrel-macos-x86_64 2.8 OK
r-oldrel-windows-ix86+x86_64 2.8 23.00 61.00 84.00 OK

Check Details

Version: 2.8
Check: compiled code
Result: NOTE
    File ‘ptinpoly/libs/ptinpoly.so’:
     Found no calls to: ‘R_registerRoutines’, ‘R_useDynamicSymbols’
    
    It is good practice to register native routines and to disable symbol
    search.
    
    See ‘Writing portable packages’ in the ‘Writing R Extensions’ manual.
Flavors: r-devel-linux-x86_64-fedora-clang, r-devel-linux-x86_64-fedora-gcc