Last updated on 2024-04-19 16:58:53 CEST.
Flavor | Version | Tinstall | Tcheck | Ttotal | Status | Flags |
---|---|---|---|---|---|---|
r-devel-linux-x86_64-debian-clang | 2.8 | 9.70 | 27.79 | 37.49 | OK | |
r-devel-linux-x86_64-debian-gcc | 2.8 | OK | ||||
r-devel-linux-x86_64-fedora-clang | 2.8 | 52.33 | NOTE | |||
r-devel-linux-x86_64-fedora-gcc | 2.8 | 48.54 | NOTE | |||
r-prerel-macos-arm64 | 2.8 | 22.00 | OK | |||
r-prerel-windows-x86_64 | 2.8 | 11.00 | 51.00 | 62.00 | OK | |
r-patched-linux-x86_64 | 2.8 | 9.56 | 27.85 | 37.41 | OK | |
r-release-linux-x86_64 | 2.8 | 8.46 | 27.25 | 35.71 | OK | |
r-release-macos-arm64 | 2.8 | 23.00 | OK | |||
r-release-macos-x86_64 | 2.8 | 33.00 | OK | |||
r-release-windows-x86_64 | 2.8 | 20.00 | 67.00 | 87.00 | OK | |
r-oldrel-macos-arm64 | 2.8 | 27.00 | OK | |||
r-oldrel-windows-x86_64 | 2.8 | 19.00 | 67.00 | 86.00 | OK |
Version: 2.8
Check: compiled code
Result: NOTE
File ‘ptinpoly/libs/ptinpoly.so’:
Found no calls to: ‘R_registerRoutines’, ‘R_useDynamicSymbols’
It is good practice to register native routines and to disable symbol
search.
See ‘Writing portable packages’ in the ‘Writing R Extensions’ manual.
Flavors: r-devel-linux-x86_64-fedora-clang, r-devel-linux-x86_64-fedora-gcc