Last updated on 2024-04-18 01:03:09 CEST.
Flavor | Version | Tinstall | Tcheck | Ttotal | Status | Flags |
---|---|---|---|---|---|---|
r-devel-linux-x86_64-debian-clang | 0.1.2 | 400.75 | 169.39 | 570.14 | NOTE | |
r-devel-linux-x86_64-debian-gcc | 0.1.2 | 390.78 | 146.76 | 537.54 | NOTE | |
r-devel-linux-x86_64-fedora-clang | 0.1.2 | 738.97 | NOTE | |||
r-devel-linux-x86_64-fedora-gcc | 0.1.2 | 932.03 | NOTE | |||
r-prerel-macos-arm64 | 0.1.2 | 168.00 | NOTE | |||
r-prerel-windows-x86_64 | 0.1.2 | 318.00 | 170.00 | 488.00 | NOTE | |
r-patched-linux-x86_64 | 0.1.2 | 341.61 | 192.25 | 533.86 | NOTE | |
r-release-linux-x86_64 | 0.1.2 | 351.02 | 194.27 | 545.29 | OK | |
r-release-macos-arm64 | 0.1.2 | 173.00 | NOTE | |||
r-release-macos-x86_64 | 0.1.2 | 277.00 | NOTE | |||
r-release-windows-x86_64 | 0.1.2 | 419.00 | 202.00 | 621.00 | OK | |
r-oldrel-macos-arm64 | 0.1.2 | 166.00 | NOTE | |||
r-oldrel-windows-x86_64 | 0.1.2 | 396.00 | 201.00 | 597.00 | OK |
Version: 0.1.2
Check: Rd files
Result: NOTE
checkRd: (-1) ma.Rd:62: Lost braces
62 | \item{yi}{Numeric vector of length code{k} with observed effect size
| ^
checkRd: (-1) ma.Rd:65: Lost braces
65 | \item{vi}{Numeric vector of length code{k} with sampling variances.}
| ^
Flavors: r-devel-linux-x86_64-debian-clang, r-devel-linux-x86_64-debian-gcc, r-devel-linux-x86_64-fedora-clang, r-devel-linux-x86_64-fedora-gcc, r-prerel-macos-arm64, r-prerel-windows-x86_64, r-patched-linux-x86_64
Version: 0.1.2
Check: data for non-ASCII characters
Result: NOTE
Note: found 35 marked UTF-8 strings
Flavors: r-devel-linux-x86_64-fedora-clang, r-devel-linux-x86_64-fedora-gcc
Version: 0.1.2
Check: for GNU extensions in Makefiles
Result: NOTE
GNU make is a SystemRequirements.
Flavors: r-devel-linux-x86_64-fedora-clang, r-devel-linux-x86_64-fedora-gcc, r-prerel-macos-arm64, r-release-macos-arm64, r-release-macos-x86_64, r-oldrel-macos-arm64
Version: 0.1.2
Check: installed package size
Result: NOTE
installed size is 61.0Mb
sub-directories of 1Mb or more:
libs 60.6Mb
Flavors: r-prerel-macos-arm64, r-release-macos-arm64, r-release-macos-x86_64, r-oldrel-macos-arm64