Last updated on 2023-12-04 16:53:37 CET.
Flavor | Version | Tinstall | Tcheck | Ttotal | Status | Flags |
---|---|---|---|---|---|---|
r-devel-linux-x86_64-debian-clang | 0.1.2 | 373.36 | 164.12 | 537.48 | NOTE | |
r-devel-linux-x86_64-debian-gcc | 0.1.2 | 320.24 | 138.25 | 458.49 | NOTE | |
r-devel-linux-x86_64-fedora-clang | 0.1.2 | 689.16 | NOTE | |||
r-devel-linux-x86_64-fedora-gcc | 0.1.2 | 859.32 | NOTE | |||
r-devel-windows-x86_64 | 0.1.2 | 294.00 | 158.00 | 452.00 | OK | |
r-patched-linux-x86_64 | 0.1.2 | 0.01 | 2.14 | 2.15 | ERROR | |
r-release-linux-x86_64 | 0.1.2 | 278.19 | 180.96 | 459.15 | OK | |
r-release-macos-arm64 | 0.1.2 | 173.00 | NOTE | |||
r-release-macos-x86_64 | 0.1.2 | 277.00 | NOTE | |||
r-release-windows-x86_64 | 0.1.2 | 386.00 | 197.00 | 583.00 | OK | |
r-oldrel-macos-arm64 | 0.1.2 | 166.00 | NOTE | |||
r-oldrel-macos-x86_64 | 0.1.2 | 208.00 | NOTE | |||
r-oldrel-windows-x86_64 | 0.1.2 | 343.00 | 187.00 | 530.00 | OK |
Version: 0.1.2
Check: Rd files
Result: NOTE
checkRd: (-1) ma.Rd:62: Lost braces
62 | \item{yi}{Numeric vector of length code{k} with observed effect size
| ^
checkRd: (-1) ma.Rd:65: Lost braces
65 | \item{vi}{Numeric vector of length code{k} with sampling variances.}
| ^
Flavors: r-devel-linux-x86_64-debian-clang, r-devel-linux-x86_64-debian-gcc
Version: 0.1.2
Check: data for non-ASCII characters
Result: NOTE
Note: found 35 marked UTF-8 strings
Flavors: r-devel-linux-x86_64-fedora-clang, r-devel-linux-x86_64-fedora-gcc
Version: 0.1.2
Check: for GNU extensions in Makefiles
Result: NOTE
GNU make is a SystemRequirements.
Flavors: r-devel-linux-x86_64-fedora-clang, r-devel-linux-x86_64-fedora-gcc, r-release-macos-arm64, r-release-macos-x86_64, r-oldrel-macos-arm64, r-oldrel-macos-x86_64
Version: 0.1.2
Check: whether package can be installed
Result: ERROR
Installation failed.
Flavor: r-patched-linux-x86_64
Version: 0.1.2
Check: installed package size
Result: NOTE
installed size is 51.3Mb
sub-directories of 1Mb or more:
libs 50.8Mb
Flavors: r-release-macos-arm64, r-release-macos-x86_64, r-oldrel-macos-arm64, r-oldrel-macos-x86_64