CRAN Package Check Results for Package pureseqtmr

Last updated on 2021-10-22 00:50:36 CEST.

Flavor Version Tinstall Tcheck Ttotal Status Flags
r-devel-linux-x86_64-debian-clang 1.2 2.57 26.61 29.18 NOTE
r-devel-linux-x86_64-debian-gcc 1.2 1.94 21.30 23.24 NOTE
r-devel-linux-x86_64-fedora-clang 1.2 47.18 NOTE
r-devel-linux-x86_64-fedora-gcc 1.2 36.92 NOTE
r-devel-windows-x86_64 1.2 5.00 42.00 47.00 NOTE
r-devel-windows-x86_64-gcc10-UCRT 1.2 NOTE
r-patched-linux-x86_64 1.2 3.04 26.68 29.72 NOTE
r-patched-solaris-x86 1.2 57.70 NOTE
r-release-linux-x86_64 1.2 2.52 26.11 28.63 NOTE
r-release-macos-arm64 1.2 NOTE
r-release-macos-x86_64 1.2 NOTE
r-release-windows-ix86+x86_64 1.2 6.00 45.00 51.00 NOTE
r-oldrel-macos-x86_64 1.2 OK
r-oldrel-windows-ix86+x86_64 1.2 7.00 46.00 53.00 OK

Check Details

Version: 1.2
Check: LazyData
Result: NOTE
     'LazyData' is specified without a 'data' directory
Flavors: r-devel-linux-x86_64-debian-clang, r-devel-linux-x86_64-debian-gcc, r-devel-linux-x86_64-fedora-clang, r-devel-linux-x86_64-fedora-gcc, r-devel-windows-x86_64, r-devel-windows-x86_64-gcc10-UCRT, r-patched-linux-x86_64, r-patched-solaris-x86, r-release-linux-x86_64, r-release-macos-arm64, r-release-macos-x86_64, r-release-windows-ix86+x86_64