CRAN Package Check Results for Package purgeR

Last updated on 2021-10-22 16:50:46 CEST.

Flavor Version Tinstall Tcheck Ttotal Status Flags
r-devel-linux-x86_64-debian-clang 1.3 81.26 179.49 260.75 OK
r-devel-linux-x86_64-debian-gcc 1.3 64.73 154.99 219.72 OK
r-devel-linux-x86_64-fedora-clang 1.3 373.79 NOTE
r-devel-linux-x86_64-fedora-gcc 1.3 354.80 NOTE
r-devel-windows-x86_64 1.3 119.00 169.00 288.00 OK
r-devel-windows-x86_64-gcc10-UCRT 1.3 NOTE
r-patched-linux-x86_64 1.3 78.33 158.37 236.70 OK
r-patched-solaris-x86 1.3 262.60 NOTE
r-release-linux-x86_64 1.3 77.37 154.68 232.05 OK
r-release-macos-arm64 1.3 NOTE
r-release-macos-x86_64 1.3 NOTE
r-release-windows-ix86+x86_64 1.3 175.00 256.00 431.00 OK
r-oldrel-macos-x86_64 1.3 NOTE
r-oldrel-windows-ix86+x86_64 1.3 231.00 249.00 480.00 OK

Check Details

Version: 1.3
Check: dependencies in R code
Result: NOTE
    Namespace in Imports field not imported from: ‘RcppProgress’
     All declared Imports should be used.
Flavors: r-devel-linux-x86_64-fedora-clang, r-devel-linux-x86_64-fedora-gcc, r-devel-windows-x86_64-gcc10-UCRT, r-patched-solaris-x86, r-release-macos-arm64, r-release-macos-x86_64, r-oldrel-macos-x86_64

Version: 1.3
Check: installed package size
Result: NOTE
     installed size is 5.2Mb
     sub-directories of 1Mb or more:
     libs 4.5Mb
Flavor: r-release-macos-arm64