CRAN Package Check Results for Package purrrlyr

Last updated on 2021-10-22 00:50:36 CEST.

Flavor Version Tinstall Tcheck Ttotal Status Flags
r-devel-linux-x86_64-debian-clang 0.0.7 43.25 48.15 91.40 NOTE
r-devel-linux-x86_64-debian-gcc 0.0.7 33.05 35.58 68.63 NOTE
r-devel-linux-x86_64-fedora-clang 0.0.7 148.07 NOTE
r-devel-linux-x86_64-fedora-gcc 0.0.7 118.97 NOTE
r-devel-windows-x86_64 0.0.7 63.00 66.00 129.00 NOTE
r-devel-windows-x86_64-gcc10-UCRT 0.0.7 NOTE
r-patched-linux-x86_64 0.0.7 42.40 44.88 87.28 NOTE
r-patched-solaris-x86 0.0.7 135.60 NOTE
r-release-linux-x86_64 0.0.7 37.31 44.84 82.15 NOTE
r-release-macos-arm64 0.0.7 NOTE
r-release-macos-x86_64 0.0.7 NOTE
r-release-windows-ix86+x86_64 0.0.7 115.00 100.00 215.00 NOTE
r-oldrel-macos-x86_64 0.0.7 OK
r-oldrel-windows-ix86+x86_64 0.0.7 125.00 102.00 227.00 OK

Check Details

Version: 0.0.7
Check: LazyData
Result: NOTE
     'LazyData' is specified without a 'data' directory
Flavors: r-devel-linux-x86_64-debian-clang, r-devel-linux-x86_64-debian-gcc, r-devel-linux-x86_64-fedora-clang, r-devel-linux-x86_64-fedora-gcc, r-devel-windows-x86_64, r-devel-windows-x86_64-gcc10-UCRT, r-patched-linux-x86_64, r-patched-solaris-x86, r-release-linux-x86_64, r-release-macos-arm64, r-release-macos-x86_64, r-release-windows-ix86+x86_64