Last updated on 2024-03-27 23:59:54 CET.
Flavor | Version | Tinstall | Tcheck | Ttotal | Status | Flags |
---|---|---|---|---|---|---|
r-devel-linux-x86_64-debian-clang | 2.2.7 | 25.78 | 40.81 | 66.59 | NOTE | |
r-devel-linux-x86_64-debian-gcc | 2.2.7 | 18.93 | 32.20 | 51.13 | NOTE | |
r-devel-linux-x86_64-fedora-clang | 2.2.7 | 88.63 | NOTE | |||
r-devel-linux-x86_64-fedora-gcc | 2.2.7 | 105.60 | NOTE | |||
r-devel-windows-x86_64 | 2.2.7 | 20.00 | 82.00 | 102.00 | NOTE | |
r-patched-linux-x86_64 | 2.2.7 | 27.41 | 39.57 | 66.98 | OK | |
r-release-linux-x86_64 | 2.2.7 | 22.15 | 39.45 | 61.60 | OK | |
r-release-macos-arm64 | 2.2.7 | 33.00 | OK | |||
r-release-macos-x86_64 | 2.2.7 | 59.00 | OK | |||
r-release-windows-x86_64 | 2.2.7 | 21.00 | 82.00 | 103.00 | OK | |
r-oldrel-macos-arm64 | 2.2.7 | 40.00 | OK | |||
r-oldrel-windows-x86_64 | 2.2.7 | 25.00 | 84.00 | 109.00 | OK |
Version: 2.2.7
Check: Rd files
Result: NOTE
checkRd: (-1) DataSets.Rd:10: Lost braces; missing escapes or markup?
10 | \format{the \code{PvarQuantileDF} is a \code{data.frame} with fields \code{prob} an {Qaunt}.
| ^
Flavors: r-devel-linux-x86_64-debian-clang, r-devel-linux-x86_64-debian-gcc, r-devel-linux-x86_64-fedora-clang, r-devel-linux-x86_64-fedora-gcc, r-devel-windows-x86_64