CRAN Package Check Results for Package pvsR

Last updated on 2021-12-02 00:49:20 CET.

Flavor Version Tinstall Tcheck Ttotal Status Flags
r-devel-linux-x86_64-debian-clang 0.3 6.40 48.71 55.11 NOTE
r-devel-linux-x86_64-debian-gcc 0.3 5.32 37.59 42.91 NOTE
r-devel-linux-x86_64-fedora-clang 0.3 77.57 NOTE
r-devel-linux-x86_64-fedora-gcc 0.3 67.10 NOTE
r-devel-windows-x86_64-new-UL 0.3 18.00 88.00 106.00 NOTE
r-devel-windows-x86_64-new-TK 0.3 NOTE
r-devel-windows-x86_64-old 0.3 11.00 51.00 62.00 NOTE
r-patched-linux-x86_64 0.3 8.95 48.01 56.96 NOTE
r-patched-solaris-x86 0.3 88.90 NOTE
r-release-linux-x86_64 0.3 6.61 48.04 54.65 NOTE
r-release-macos-arm64 0.3 NOTE
r-release-macos-x86_64 0.3 NOTE
r-release-windows-ix86+x86_64 0.3 12.00 67.00 79.00 NOTE
r-oldrel-macos-x86_64 0.3 NOTE
r-oldrel-windows-ix86+x86_64 0.3 13.00 72.00 85.00 NOTE

Check Details

Version: 0.3
Check: R code for possible problems
Result: NOTE
    CandidateBio.getBio : <anonymous>: no visible global function
     definition for 'na.omit'
    Committee.getCommittee : <anonymous>: no visible global function
     definition for 'na.omit'
    getAllBios: no visible global function definition for 'txtProgressBar'
    getAllBios: no visible global function definition for
     'setTxtProgressBar'
    getAllLocalOfficials: no visible global function definition for
     'txtProgressBar'
    getAllLocalOfficials: no visible global function definition for
     'setTxtProgressBar'
    getAllVotes: no visible global function definition for 'txtProgressBar'
    getAllVotes: no visible global function definition for
     'setTxtProgressBar'
    Undefined global functions or variables:
     na.omit setTxtProgressBar txtProgressBar
    Consider adding
     importFrom("stats", "na.omit")
     importFrom("utils", "setTxtProgressBar", "txtProgressBar")
    to your NAMESPACE file.
Flavors: r-devel-linux-x86_64-debian-clang, r-devel-linux-x86_64-debian-gcc, r-devel-linux-x86_64-fedora-clang, r-devel-linux-x86_64-fedora-gcc, r-devel-windows-x86_64-new-UL, r-devel-windows-x86_64-new-TK, r-devel-windows-x86_64-old, r-patched-linux-x86_64, r-patched-solaris-x86, r-release-linux-x86_64, r-release-macos-arm64, r-release-macos-x86_64, r-release-windows-ix86+x86_64, r-oldrel-macos-x86_64, r-oldrel-windows-ix86+x86_64