CRAN Package Check Results for Package pycno

Last updated on 2021-12-02 00:49:20 CET.

Flavor Version Tinstall Tcheck Ttotal Status Flags
r-devel-linux-x86_64-debian-clang 1.2 3.98 43.64 47.62 NOTE
r-devel-linux-x86_64-debian-gcc 1.2 3.04 35.33 38.37 NOTE
r-devel-linux-x86_64-fedora-clang 1.2 67.59 NOTE
r-devel-linux-x86_64-fedora-gcc 1.2 58.23 NOTE
r-devel-windows-x86_64-new-UL 1.2 13.00 121.00 134.00 NOTE
r-devel-windows-x86_64-new-TK 1.2 NOTE
r-devel-windows-x86_64-old 1.2 11.00 75.00 86.00 NOTE
r-patched-linux-x86_64 1.2 6.71 41.84 48.55 NOTE
r-patched-solaris-x86 1.2 97.80 NOTE
r-release-linux-x86_64 1.2 3.14 42.44 45.58 NOTE
r-release-macos-arm64 1.2 NOTE
r-release-macos-x86_64 1.2 NOTE
r-release-windows-ix86+x86_64 1.2 23.00 102.00 125.00 NOTE
r-oldrel-macos-x86_64 1.2 NOTE
r-oldrel-windows-ix86+x86_64 1.2 20.00 128.00 148.00 NOTE

Check Details

Version: 1.2
Check: R code for possible problems
Result: NOTE
    .grid.matrix: no visible global function definition for 'slot'
    .matrix2grid: no visible global function definition for 'as'
    .poly2grid: no visible global function definition for 'is'
    .poly2grid: no visible global function definition for 'slot'
    .poly2grid: no visible global function definition for 'as'
    .pycno.core : smooth2D : s1d: no visible global function definition for
     'filter'
    .pycno.core: no visible global function definition for 'flush.console'
    .pycno2matrix: no visible global function definition for 'slot'
    Undefined global functions or variables:
     as filter flush.console is slot
    Consider adding
     importFrom("methods", "as", "is", "slot")
     importFrom("stats", "filter")
     importFrom("utils", "flush.console")
    to your NAMESPACE file (and ensure that your DESCRIPTION Imports field
    contains 'methods').
Flavors: r-devel-linux-x86_64-debian-clang, r-devel-linux-x86_64-debian-gcc, r-devel-linux-x86_64-fedora-clang, r-devel-linux-x86_64-fedora-gcc, r-devel-windows-x86_64-new-UL, r-devel-windows-x86_64-new-TK, r-devel-windows-x86_64-old, r-patched-linux-x86_64, r-patched-solaris-x86, r-release-linux-x86_64, r-release-macos-arm64, r-release-macos-x86_64, r-release-windows-ix86+x86_64, r-oldrel-macos-x86_64, r-oldrel-windows-ix86+x86_64