CRAN Package Check Results for Package qGaussian

Last updated on 2022-07-03 00:52:37 CEST.

Flavor Version Tinstall Tcheck Ttotal Status Flags
r-devel-linux-x86_64-debian-clang 0.1.8 21.61 37.96 59.57 NOTE
r-devel-linux-x86_64-debian-gcc 0.1.8 13.72 28.39 42.11 NOTE
r-devel-linux-x86_64-fedora-clang 0.1.8 86.54 NOTE
r-devel-linux-x86_64-fedora-gcc 0.1.8 80.08 NOTE
r-devel-windows-x86_64 0.1.8 29.00 78.00 107.00 NOTE
r-patched-linux-x86_64 0.1.8 15.43 36.86 52.29 NOTE
r-release-linux-x86_64 0.1.8 12.98 36.42 49.40 NOTE
r-release-macos-arm64 0.1.8 25.00 NOTE
r-release-macos-x86_64 0.1.8 33.00 NOTE
r-release-windows-x86_64 0.1.8 29.00 80.00 109.00 NOTE
r-oldrel-macos-arm64 0.1.8 28.00 NOTE
r-oldrel-macos-x86_64 0.1.8 40.00 NOTE
r-oldrel-windows-ix86+x86_64 0.1.8 46.00 87.00 133.00 NOTE

Check Details

Version: 0.1.8
Check: LazyData
Result: NOTE
     'LazyData' is specified without a 'data' directory
Flavors: r-devel-linux-x86_64-debian-clang, r-devel-linux-x86_64-debian-gcc, r-devel-linux-x86_64-fedora-clang, r-devel-linux-x86_64-fedora-gcc, r-devel-windows-x86_64, r-patched-linux-x86_64, r-release-linux-x86_64, r-release-macos-arm64, r-release-macos-x86_64, r-release-windows-x86_64, r-oldrel-macos-arm64, r-oldrel-macos-x86_64, r-oldrel-windows-ix86+x86_64