CRAN Package Check Results for Package qGaussian

Last updated on 2023-12-08 00:52:05 CET.

Flavor Version Tinstall Tcheck Ttotal Status Flags
r-devel-linux-x86_64-debian-clang 0.1.8 22.33 35.71 58.04 NOTE
r-devel-linux-x86_64-debian-gcc 0.1.8 12.63 27.04 39.67 NOTE
r-devel-linux-x86_64-fedora-clang 0.1.8 82.89 NOTE
r-devel-linux-x86_64-fedora-gcc 0.1.8 73.06 NOTE
r-devel-windows-x86_64 0.1.8 19.00 64.00 83.00 NOTE
r-patched-linux-x86_64 0.1.8 16.30 36.90 53.20 NOTE
r-release-linux-x86_64 0.1.8 18.73 35.77 54.50 NOTE
r-release-macos-arm64 0.1.8 30.00 NOTE
r-release-macos-x86_64 0.1.8 39.00 NOTE
r-release-windows-x86_64 0.1.8 17.00 74.00 91.00 NOTE
r-oldrel-macos-arm64 0.1.8 25.00 NOTE
r-oldrel-macos-x86_64 0.1.8 33.00 NOTE
r-oldrel-windows-x86_64 0.1.8 23.00 71.00 94.00 NOTE

Check Details

Version: 0.1.8
Check: LazyData
Result: NOTE 'LazyData' is specified without a 'data' directory Flavors: r-devel-linux-x86_64-debian-clang, r-devel-linux-x86_64-debian-gcc, r-devel-linux-x86_64-fedora-clang, r-devel-linux-x86_64-fedora-gcc, r-devel-windows-x86_64, r-patched-linux-x86_64, r-release-linux-x86_64, r-release-macos-arm64, r-release-macos-x86_64, r-release-windows-x86_64, r-oldrel-macos-arm64, r-oldrel-macos-x86_64, r-oldrel-windows-x86_64