CRAN Package Check Results for Package qad

Last updated on 2021-10-23 05:02:45 CEST.

Flavor Version Tinstall Tcheck Ttotal Status Flags
r-devel-linux-x86_64-debian-clang 1.0.0 25.08 121.90 146.98 NOTE
r-devel-linux-x86_64-debian-gcc 1.0.0 19.33 90.89 110.22 NOTE
r-devel-linux-x86_64-fedora-clang 1.0.0 197.80 NOTE
r-devel-linux-x86_64-fedora-gcc 1.0.0 178.89 NOTE
r-devel-windows-x86_64 1.0.0 42.00 111.00 153.00 NOTE
r-devel-windows-x86_64-gcc10-UCRT 1.0.0 NOTE
r-patched-linux-x86_64 1.0.0 24.22 115.28 139.50 NOTE
r-patched-solaris-x86 1.0.0 246.80 NOTE
r-release-linux-x86_64 1.0.0 22.71 114.96 137.67 NOTE
r-release-macos-arm64 1.0.0 NOTE
r-release-macos-x86_64 1.0.0 NOTE
r-release-windows-ix86+x86_64 1.0.0 48.00 205.00 253.00 NOTE
r-oldrel-macos-x86_64 1.0.0 OK
r-oldrel-windows-ix86+x86_64 1.0.0 70.00 206.00 276.00 OK

Check Details

Version: 1.0.0
Check: LazyData
Result: NOTE
     'LazyData' is specified without a 'data' directory
Flavors: r-devel-linux-x86_64-debian-clang, r-devel-linux-x86_64-debian-gcc, r-devel-linux-x86_64-fedora-clang, r-devel-linux-x86_64-fedora-gcc, r-devel-windows-x86_64, r-devel-windows-x86_64-gcc10-UCRT, r-patched-linux-x86_64, r-patched-solaris-x86, r-release-linux-x86_64, r-release-macos-arm64, r-release-macos-x86_64, r-release-windows-ix86+x86_64