CRAN Package Check Results for Package qdap

Last updated on 2021-10-21 04:58:41 CEST.

Flavor Version Tinstall Tcheck Ttotal Status Flags
r-devel-linux-x86_64-debian-clang 2.4.3 39.79 265.28 305.07 OK
r-devel-linux-x86_64-debian-gcc 2.4.3 28.89 195.59 224.48 OK
r-devel-linux-x86_64-fedora-clang 2.4.3 371.74 NOTE
r-devel-linux-x86_64-fedora-gcc 2.4.3 362.01 OK
r-devel-windows-x86_64 2.4.3 66.00 261.00 327.00 OK
r-devel-windows-x86_64-gcc10-UCRT 2.4.3 ERROR
r-patched-linux-x86_64 2.4.3 38.30 252.67 290.97 OK
r-patched-solaris-x86 2.4.3 445.30 OK
r-release-linux-x86_64 2.4.3 34.35 251.58 285.93 OK
r-release-macos-arm64 2.4.3 OK
r-release-macos-x86_64 2.4.3 OK
r-release-windows-ix86+x86_64 2.4.3 72.00 304.00 376.00 OK
r-oldrel-macos-x86_64 2.4.3 OK
r-oldrel-windows-ix86+x86_64 2.4.3 77.00 295.00 372.00 OK

Check Details

Version: 2.4.3
Check: Rd cross-references
Result: NOTE
    Undeclared package ‘gplots’ in Rd xrefs
Flavor: r-devel-linux-x86_64-fedora-clang

Version: 2.4.3
Check: package dependencies
Result: ERROR
    Package required but not available: 'igraph'
    
    See section 'The DESCRIPTION file' in the 'Writing R Extensions'
    manual.
Flavor: r-devel-windows-x86_64-gcc10-UCRT