Last updated on 2023-06-10 00:54:54 CEST.
Flavor | Version | Tinstall | Tcheck | Ttotal | Status | Flags |
---|---|---|---|---|---|---|
r-devel-linux-x86_64-debian-clang | 1.3.7 | 4.26 | 53.35 | 57.61 | OK | |
r-devel-linux-x86_64-debian-gcc | 1.3.7 | 3.48 | 40.06 | 43.54 | OK | |
r-devel-linux-x86_64-fedora-clang | 1.3.7 | 71.88 | OK | |||
r-devel-linux-x86_64-fedora-gcc | 1.3.7 | 65.98 | OK | |||
r-devel-windows-x86_64 | 1.3.7 | 10.00 | 68.00 | 78.00 | OK | |
r-patched-linux-x86_64 | 1.3.7 | 4.51 | 49.83 | 54.34 | OK | |
r-release-linux-x86_64 | 1.3.7 | 3.71 | 48.59 | 52.30 | OK | |
r-release-macos-arm64 | 1.3.7 | 26.00 | OK | |||
r-release-macos-x86_64 | 1.3.5 | 36.00 | NOTE | |||
r-release-windows-x86_64 | 1.3.7 | 5.00 | 70.00 | 75.00 | OK | |
r-oldrel-macos-arm64 | 1.3.7 | 26.00 | OK | |||
r-oldrel-macos-x86_64 | 1.3.7 | 36.00 | OK | |||
r-oldrel-windows-x86_64 | 1.3.7 | 6.00 | 71.00 | 77.00 | OK |
Version: 1.3.5
Check: LazyData
Result: NOTE
'LazyData' is specified without a 'data' directory
Flavor: r-release-macos-x86_64