Last updated on 2023-11-28 16:48:29 CET.
Flavor | Version | Tinstall | Tcheck | Ttotal | Status | Flags |
---|---|---|---|---|---|---|
r-devel-linux-x86_64-debian-clang | 1.1.0 | 336.73 | 233.07 | 569.80 | NOTE | |
r-devel-linux-x86_64-debian-gcc | 1.1.0 | 269.80 | 170.97 | 440.77 | NOTE | |
r-devel-linux-x86_64-fedora-clang | 1.1.0 | 695.76 | OK | |||
r-devel-linux-x86_64-fedora-gcc | 1.1.0 | 828.21 | OK | |||
r-devel-windows-x86_64 | 1.1.0 | 259.00 | 199.00 | 458.00 | OK | |
r-patched-linux-x86_64 | 1.1.0 | 313.30 | 218.34 | 531.64 | OK | |
r-release-linux-x86_64 | 1.1.0 | 310.96 | 214.63 | 525.59 | OK | |
r-release-macos-arm64 | 1.1.0 | 174.00 | NOTE | |||
r-release-macos-x86_64 | 1.1.0 | 363.00 | NOTE | |||
r-release-windows-x86_64 | 1.1.0 | 336.00 | 246.00 | 582.00 | OK | |
r-oldrel-macos-arm64 | 1.1.0 | 187.00 | NOTE | |||
r-oldrel-macos-x86_64 | 1.1.0 | 250.00 | NOTE | |||
r-oldrel-windows-x86_64 | 1.1.0 | 297.00 | 236.00 | 533.00 | OK |
Version: 1.1.0
Check: Rd files
Result: NOTE
checkRd: (-1) a1_pk.Rd:5: Lost braces; missing escapes or markup?
5 | \title{Recursion for a_{p,k}}
| ^
checkRd: (-1) new_qfrm.Rd:52: Lost braces in \itemize; \value handles \item{}{} directly
checkRd: (-1) new_qfrm.Rd:53: Lost braces in \itemize; \value handles \item{}{} directly
checkRd: (-1) new_qfrm.Rd:54: Lost braces in \itemize; \value handles \item{}{} directly
checkRd: (-1) new_qfrm.Rd:55-56: Lost braces in \itemize; \value handles \item{}{} directly
checkRd: (-1) new_qfrm.Rd:65: Lost braces in \itemize; \value handles \item{}{} directly
checkRd: (-1) new_qfrm.Rd:66-67: Lost braces in \itemize; \value handles \item{}{} directly
checkRd: (-1) new_qfrm.Rd:68-70: Lost braces in \itemize; \value handles \item{}{} directly
checkRd: (-1) new_qfrm.Rd:71-73: Lost braces in \itemize; \value handles \item{}{} directly
checkRd: (-1) pqfr.Rd:167-168: Lost braces in \itemize; meant \describe ?
checkRd: (-1) pqfr.Rd:169-170: Lost braces in \itemize; meant \describe ?
checkRd: (-1) pqfr.Rd:171-172: Lost braces in \itemize; meant \describe ?
checkRd: (-1) pqfr.Rd:176-177: Lost braces in \itemize; meant \describe ?
checkRd: (-1) pqfr.Rd:178-179: Lost braces in \itemize; meant \describe ?
checkRd: (-1) pqfr.Rd:180-181: Lost braces in \itemize; meant \describe ?
checkRd: (-1) pqfr.Rd:182-183: Lost braces in \itemize; meant \describe ?
checkRd: (-1) pqfr.Rd:261-262: Lost braces in \itemize; \value handles \item{}{} directly
checkRd: (-1) pqfr.Rd:263-268: Lost braces in \itemize; \value handles \item{}{} directly
checkRd: (-1) pqfr.Rd:269-271: Lost braces in \itemize; \value handles \item{}{} directly
checkRd: (-1) qfmrm.Rd:161-162: Lost braces in \itemize; meant \describe ?
checkRd: (-1) qfmrm.Rd:163-165: Lost braces in \itemize; meant \describe ?
checkRd: (-1) qfmrm.Rd:166-167: Lost braces in \itemize; meant \describe ?
checkRd: (-1) qfmrm.Rd:168: Lost braces in \itemize; meant \describe ?
checkRd: (-1) qfmrm.Rd:177-178: Lost braces in \itemize; meant \describe ?
checkRd: (-1) qfmrm.Rd:179-181: Lost braces in \itemize; meant \describe ?
checkRd: (-1) qfmrm.Rd:182-183: Lost braces in \itemize; meant \describe ?
checkRd: (-1) qfrm.Rd:126-127: Lost braces in \itemize; meant \describe ?
checkRd: (-1) qfrm.Rd:128-130: Lost braces in \itemize; meant \describe ?
checkRd: (-1) qfrm.Rd:131-132: Lost braces in \itemize; meant \describe ?
checkRd: (-1) qfrm.Rd:149-150: Lost braces in \itemize; meant \describe ?
checkRd: (-1) qfrm.Rd:151-153: Lost braces in \itemize; meant \describe ?
checkRd: (-1) qfrm.Rd:154-155: Lost braces in \itemize; meant \describe ?
checkRd: (-1) qfrm.Rd:156: Lost braces in \itemize; meant \describe ?
checkRd: (-1) qfrm.Rd:168: Lost braces in \itemize; \value handles \item{}{} directly
checkRd: (-1) qfrm.Rd:169: Lost braces in \itemize; \value handles \item{}{} directly
checkRd: (-1) qfrm.Rd:170: Lost braces in \itemize; \value handles \item{}{} directly
checkRd: (-1) qfrm.Rd:171-172: Lost braces in \itemize; \value handles \item{}{} directly
checkRd: (-1) qfrm_cpp.Rd:555-556: Lost braces in \itemize; \value handles \item{}{} directly
checkRd: (-1) qfrm_cpp.Rd:557-558: Lost braces in \itemize; \value handles \item{}{} directly
checkRd: (-1) qfrm_cpp.Rd:559: Lost braces in \itemize; \value handles \item{}{} directly
checkRd: (-1) qfrm_cpp.Rd:560: Lost braces in \itemize; \value handles \item{}{} directly
checkRd: (-1) qfrm_cpp.Rd:561: Lost braces in \itemize; \value handles \item{}{} directly
Flavors: r-devel-linux-x86_64-debian-clang, r-devel-linux-x86_64-debian-gcc
Version: 1.1.0
Check: installed package size
Result: NOTE
installed size is 119.4Mb
sub-directories of 1Mb or more:
libs 118.2Mb
Flavors: r-release-macos-arm64, r-release-macos-x86_64, r-oldrel-macos-arm64, r-oldrel-macos-x86_64