CRAN Package Check Results for Package qgam

Last updated on 2021-09-24 20:48:55 CEST.

Flavor Version Tinstall Tcheck Ttotal Status Flags
r-devel-linux-x86_64-debian-clang 1.3.3 13.14 327.02 340.16 OK
r-devel-linux-x86_64-debian-gcc 1.3.3 11.13 244.56 255.69 OK
r-devel-linux-x86_64-fedora-clang 1.3.3 404.29 OK
r-devel-linux-x86_64-fedora-gcc 1.3.3 397.68 OK
r-devel-windows-x86_64 1.3.3 15.00 296.00 311.00 OK
r-devel-windows-x86_64-gcc10-UCRT 1.3.3 OK
r-patched-linux-x86_64 1.3.3 12.59 311.01 323.60 OK
r-patched-solaris-x86 1.3.3 640.20 NOTE
r-release-linux-x86_64 1.3.3 12.90 315.53 328.43 OK
r-release-macos-arm64 1.3.3 OK
r-release-macos-x86_64 1.3.3 OK
r-release-windows-ix86+x86_64 1.3.3 31.00 443.00 474.00 OK
r-oldrel-macos-x86_64 1.3.3 OK
r-oldrel-windows-ix86+x86_64 1.3.3 22.00 436.00 458.00 OK

Check Details

Version: 1.3.3
Check: installed package size
Result: NOTE
     installed size is 5.1Mb
     sub-directories of 1Mb or more:
     doc 4.2Mb
Flavor: r-patched-solaris-x86