Last updated on 2024-03-27 23:59:54 CET.
Flavor | Version | Tinstall | Tcheck | Ttotal | Status | Flags |
---|---|---|---|---|---|---|
r-devel-linux-x86_64-debian-clang | 1.3.4 | 13.29 | 390.39 | 403.68 | OK | |
r-devel-linux-x86_64-debian-gcc | 1.3.4 | 12.44 | 313.01 | 325.45 | OK | |
r-devel-linux-x86_64-fedora-clang | 1.3.4 | 498.79 | NOTE | |||
r-devel-linux-x86_64-fedora-gcc | 1.3.4 | 537.21 | OK | |||
r-devel-windows-x86_64 | 1.3.4 | 16.00 | 326.00 | 342.00 | NOTE | |
r-patched-linux-x86_64 | 1.3.4 | 13.56 | 408.46 | 422.02 | OK | |
r-release-linux-x86_64 | 1.3.4 | 12.24 | 409.05 | 421.29 | OK | |
r-release-macos-arm64 | 1.3.4 | 235.00 | NOTE | |||
r-release-macos-x86_64 | 1.3.4 | 375.00 | NOTE | |||
r-release-windows-x86_64 | 1.3.4 | 23.00 | 401.00 | 424.00 | NOTE | |
r-oldrel-macos-arm64 | 1.3.4 | 210.00 | NOTE | |||
r-oldrel-windows-x86_64 | 1.3.4 | 22.00 | 418.00 | 440.00 | NOTE |
Version: 1.3.4
Check: installed package size
Result: NOTE
installed size is 5.9Mb
sub-directories of 1Mb or more:
doc 5.2Mb
Flavors: r-devel-linux-x86_64-fedora-clang, r-devel-windows-x86_64, r-release-macos-arm64, r-release-macos-x86_64, r-release-windows-x86_64, r-oldrel-macos-arm64, r-oldrel-windows-x86_64