Last updated on 2024-04-26 08:55:09 CEST.
Flavor | Version | Tinstall | Tcheck | Ttotal | Status | Flags |
---|---|---|---|---|---|---|
r-devel-linux-x86_64-debian-clang | 2.15.2 | 19.69 | 298.72 | 318.41 | NOTE | |
r-devel-linux-x86_64-debian-gcc | 2.15.2 | 16.79 | 225.01 | 241.80 | NOTE | |
r-devel-linux-x86_64-fedora-clang | 2.15.2 | 388.62 | NOTE | |||
r-devel-linux-x86_64-fedora-gcc | 2.15.2 | 399.00 | NOTE | |||
r-devel-windows-x86_64 | 2.15.2 | 16.00 | 257.00 | 273.00 | NOTE | |
r-patched-linux-x86_64 | 2.15.2 | 18.57 | 290.80 | 309.37 | NOTE | |
r-release-linux-x86_64 | 2.15.2 | 15.91 | 302.48 | 318.39 | OK | |
r-release-macos-arm64 | 2.15.2 | 126.00 | NOTE | |||
r-release-windows-x86_64 | 2.15.2 | 16.00 | 247.00 | 263.00 | NOTE | |
r-oldrel-macos-arm64 | 2.15.2 | 130.00 | OK | |||
r-oldrel-macos-x86_64 | 2.15.2 | 305.00 | OK | |||
r-oldrel-windows-x86_64 | 2.15.2 | 23.00 | 330.00 | 353.00 | OK |
Version: 2.15.2
Check: Rd files
Result: NOTE
checkRd: (-1) qgcomp.survcurve.boot.Rd:17-19: Lost braces in \itemize; \value handles \item{}{} directly
checkRd: (-1) qgcomp.survcurve.boot.Rd:20-21: Lost braces in \itemize; \value handles \item{}{} directly
checkRd: (-1) qgcomp.survcurve.boot.Rd:22-23: Lost braces in \itemize; \value handles \item{}{} directly
checkRd: (-1) qgcomp.survcurve.boot.Rd:24-25: Lost braces in \itemize; \value handles \item{}{} directly
Flavors: r-devel-linux-x86_64-debian-clang, r-devel-linux-x86_64-debian-gcc, r-devel-linux-x86_64-fedora-clang, r-devel-linux-x86_64-fedora-gcc, r-devel-windows-x86_64, r-patched-linux-x86_64, r-release-macos-arm64, r-release-windows-x86_64