Last updated on 2024-04-23 16:58:25 CEST.
Flavor | Version | Tinstall | Tcheck | Ttotal | Status | Flags |
---|---|---|---|---|---|---|
r-devel-linux-x86_64-debian-clang | 1.5 | 3.29 | 27.87 | 31.16 | NOTE | |
r-devel-linux-x86_64-debian-gcc | 1.5 | 2.76 | 21.32 | 24.08 | NOTE | |
r-devel-linux-x86_64-fedora-clang | 1.5 | 39.62 | NOTE | |||
r-devel-linux-x86_64-fedora-gcc | 1.5 | 37.84 | NOTE | |||
r-prerel-macos-arm64 | 1.5 | 21.00 | NOTE | |||
r-prerel-windows-x86_64 | 1.5 | 5.00 | 52.00 | 57.00 | NOTE | |
r-patched-linux-x86_64 | 1.5 | 3.28 | 27.17 | 30.45 | NOTE | |
r-release-linux-x86_64 | 1.5 | 3.20 | 25.19 | 28.39 | OK | |
r-release-macos-arm64 | 1.5 | 21.00 | OK | |||
r-release-macos-x86_64 | 1.5 | 23.00 | OK | |||
r-release-windows-x86_64 | 1.5 | 6.00 | 50.00 | 56.00 | OK | |
r-oldrel-macos-arm64 | 1.5 | 18.00 | OK | |||
r-oldrel-windows-x86_64 | 1.5 | 6.00 | 53.00 | 59.00 | OK |
Version: 1.5
Check: Rd files
Result: NOTE
checkRd: (-1) qif.Rd:45: Lost braces in \itemize; \value handles \item{}{} directly
checkRd: (-1) qif.Rd:46: Lost braces in \itemize; \value handles \item{}{} directly
checkRd: (-1) qif.Rd:47: Lost braces in \itemize; \value handles \item{}{} directly
checkRd: (-1) qif.Rd:48: Lost braces in \itemize; \value handles \item{}{} directly
checkRd: (-1) qif.Rd:49: Lost braces in \itemize; \value handles \item{}{} directly
checkRd: (-1) qif.Rd:50: Lost braces in \itemize; \value handles \item{}{} directly
checkRd: (-1) qif.Rd:51: Lost braces in \itemize; \value handles \item{}{} directly
checkRd: (-1) qif.Rd:52: Lost braces in \itemize; \value handles \item{}{} directly
checkRd: (-1) qif.Rd:53: Lost braces in \itemize; \value handles \item{}{} directly
checkRd: (-1) qif.Rd:54: Lost braces in \itemize; \value handles \item{}{} directly
checkRd: (-1) qif.Rd:55: Lost braces in \itemize; \value handles \item{}{} directly
checkRd: (-1) qif.Rd:56: Lost braces in \itemize; \value handles \item{}{} directly
checkRd: (-1) qif.Rd:57: Lost braces in \itemize; \value handles \item{}{} directly
checkRd: (-1) qif.Rd:58: Lost braces in \itemize; \value handles \item{}{} directly
checkRd: (-1) qif.Rd:59: Lost braces in \itemize; \value handles \item{}{} directly
checkRd: (-1) qif.Rd:60: Lost braces in \itemize; \value handles \item{}{} directly
checkRd: (-1) qif.Rd:61: Lost braces in \itemize; \value handles \item{}{} directly
checkRd: (-1) qif.Rd:62: Lost braces in \itemize; \value handles \item{}{} directly
checkRd: (-1) qif.Rd:63: Lost braces in \itemize; \value handles \item{}{} directly
checkRd: (-1) qif.Rd:64: Lost braces in \itemize; \value handles \item{}{} directly
checkRd: (-1) qif.Rd:65: Lost braces in \itemize; \value handles \item{}{} directly
Flavors: r-devel-linux-x86_64-debian-clang, r-devel-linux-x86_64-debian-gcc, r-devel-linux-x86_64-fedora-clang, r-devel-linux-x86_64-fedora-gcc, r-prerel-macos-arm64, r-prerel-windows-x86_64, r-patched-linux-x86_64